Last updated on 2025-04-30 04:50:06 CEST.
Flavor | Version | Tinstall | Tcheck | Ttotal | Status | Flags |
---|---|---|---|---|---|---|
r-devel-linux-x86_64-debian-clang | 1.1.0 | 3.33 | 27.99 | 31.32 | NOTE | |
r-devel-linux-x86_64-debian-gcc | 1.1.0 | 2.32 | 21.71 | 24.03 | NOTE | |
r-devel-linux-x86_64-fedora-clang | 1.1.0 | 50.48 | OK | |||
r-devel-linux-x86_64-fedora-gcc | 1.1.0 | 75.31 | OK | |||
r-devel-windows-x86_64 | 1.1.0 | 6.00 | 68.00 | 74.00 | OK | |
r-patched-linux-x86_64 | 1.1.0 | 3.06 | 26.66 | 29.72 | OK | |
r-release-linux-x86_64 | 1.1.0 | 3.31 | 26.81 | 30.12 | OK | |
r-release-macos-arm64 | 1.1.0 | 45.00 | OK | |||
r-release-macos-x86_64 | 1.1.0 | 66.00 | OK | |||
r-release-windows-x86_64 | 1.1.0 | 7.00 | 60.00 | 67.00 | OK | |
r-oldrel-macos-arm64 | 1.1.0 | 34.00 | OK | |||
r-oldrel-macos-x86_64 | 1.1.0 | 53.00 | OK | |||
r-oldrel-windows-x86_64 | 1.1.0 | 6.00 | 55.00 | 61.00 | OK |
Version: 1.1.0
Check: CRAN incoming feasibility
Result: NOTE
Maintainer: ‘Aidan Lakshman <ahl27@pitt.edu>’
The BugReports field in DESCRIPTION has
https://github.com/ahl27/froth/issues/new/choose
which should likely be
https://github.com/ahl27/froth/issues/new/choose/issues
instead.
Flavors: r-devel-linux-x86_64-debian-clang, r-devel-linux-x86_64-debian-gcc