Last updated on 2025-04-30 04:50:06 CEST.
Flavor | Version | Tinstall | Tcheck | Ttotal | Status | Flags |
---|---|---|---|---|---|---|
r-devel-linux-x86_64-debian-clang | 0.1.8 | 48.35 | 131.27 | 179.62 | NOTE | |
r-devel-linux-x86_64-debian-gcc | 0.1.8 | 34.38 | 91.94 | 126.32 | NOTE | |
r-devel-linux-x86_64-fedora-clang | 0.1.8 | 275.39 | NOTE | |||
r-devel-linux-x86_64-fedora-gcc | 0.1.8 | 298.85 | NOTE | |||
r-devel-windows-x86_64 | 0.1.8 | 45.00 | 185.00 | 230.00 | NOTE | |
r-patched-linux-x86_64 | 0.1.8 | 51.87 | 126.69 | 178.56 | NOTE | |
r-release-linux-x86_64 | 0.1.8 | 48.05 | 126.37 | 174.42 | NOTE | |
r-release-macos-arm64 | 0.1.8 | 93.00 | NOTE | |||
r-release-macos-x86_64 | 0.1.8 | 181.00 | NOTE | |||
r-release-windows-x86_64 | 0.1.8 | 45.00 | 165.00 | 210.00 | NOTE | |
r-oldrel-macos-arm64 | 0.1.8 | 76.00 | NOTE | |||
r-oldrel-macos-x86_64 | 0.1.8 | 126.00 | NOTE | |||
r-oldrel-windows-x86_64 | 0.1.8 | 51.00 | 164.00 | 215.00 | NOTE |
Version: 0.1.8
Check: CRAN incoming feasibility
Result: NOTE
Maintainer: ‘Xin Zhou <xxz220@miami.edu>’
No Authors@R field in DESCRIPTION.
Please add one, modifying
Authors@R: c(person(given = "Xin",
family = "Zhou",
role = c("aut", "cre"),
email = "xxz220@miami.edu"),
person(given = "Xiaodong",
family = "Cai",
role = "aut"))
as necessary.
Flavors: r-devel-linux-x86_64-debian-clang, r-devel-linux-x86_64-debian-gcc
Version: 0.1.8
Check: C++ specification
Result: NOTE
Specified C++11: please drop specification unless essential
Flavors: r-devel-linux-x86_64-debian-clang, r-devel-linux-x86_64-debian-gcc, r-devel-linux-x86_64-fedora-clang, r-devel-linux-x86_64-fedora-gcc, r-devel-windows-x86_64, r-patched-linux-x86_64, r-release-linux-x86_64, r-release-macos-arm64, r-release-macos-x86_64, r-release-windows-x86_64, r-oldrel-macos-arm64, r-oldrel-macos-x86_64, r-oldrel-windows-x86_64
Version: 0.1.8
Check: examples
Result: NOTE
Examples with CPU (user + system) or elapsed time > 5s
user system elapsed
fssemR 5.182 0.030 6.551
multiFSSEMiPALM 4.362 0.173 5.623
opt.multiFSSEMiPALM 3.917 0.059 5.147
Flavor: r-devel-linux-x86_64-debian-clang
Version: 0.1.8
Check: dependencies in R code
Result: NOTE
Namespace in Imports field not imported from: ‘qpdf’
All declared Imports should be used.
Flavors: r-devel-linux-x86_64-fedora-clang, r-devel-linux-x86_64-fedora-gcc
Version: 0.1.8
Check: installed package size
Result: NOTE
installed size is 20.4Mb
sub-directories of 1Mb or more:
libs 19.7Mb
Flavors: r-oldrel-macos-arm64, r-oldrel-macos-x86_64