CRAN Package Check Results for Package ftDK

Last updated on 2025-04-30 04:50:06 CEST.

Flavor Version Tinstall Tcheck Ttotal Status Flags
r-devel-linux-x86_64-debian-clang 1.0 1.70 18.76 20.46 NOTE
r-devel-linux-x86_64-debian-gcc 1.0 1.10 15.55 16.65 NOTE
r-devel-linux-x86_64-fedora-clang 1.0 29.91 OK
r-devel-linux-x86_64-fedora-gcc 1.0 29.22 OK
r-devel-windows-x86_64 1.0 3.00 44.00 47.00 OK
r-patched-linux-x86_64 1.0 1.62 16.91 18.53 OK
r-release-linux-x86_64 1.0 1.70 16.77 18.47 OK
r-release-macos-arm64 1.0 20.00 OK
r-release-macos-x86_64 1.0 22.00 OK
r-release-windows-x86_64 1.0 3.00 40.00 43.00 OK
r-oldrel-macos-arm64 1.0 14.00 OK
r-oldrel-macos-x86_64 1.0 20.00 OK
r-oldrel-windows-x86_64 1.0 3.00 40.00 43.00 OK

Check Details

Version: 1.0
Check: CRAN incoming feasibility
Result: NOTE Maintainer: ‘Mikkel Freltoft Krogsholm <mikkel@56n.dk>’ No Authors@R field in DESCRIPTION. Please add one, modifying Authors@R: person(given = c("Mikkel", "Freltoft"), family = "Krogsholm", role = c("aut", "cre"), email = "mikkel@56n.dk") as necessary. Flavors: r-devel-linux-x86_64-debian-clang, r-devel-linux-x86_64-debian-gcc