Last updated on 2025-02-21 03:52:12 CET.
Flavor | Version | Tinstall | Tcheck | Ttotal | Status | Flags |
---|---|---|---|---|---|---|
r-devel-linux-x86_64-debian-clang | 2.4.4 | 28.10 | 233.20 | 261.30 | NOTE | |
r-devel-linux-x86_64-debian-gcc | 2.4.4 | 17.98 | 150.60 | 168.58 | NOTE | |
r-devel-linux-x86_64-fedora-clang | 2.4.4 | 413.80 | OK | |||
r-devel-linux-x86_64-fedora-gcc | 2.4.4 | 402.11 | OK | |||
r-devel-macos-arm64 | 2.4.4 | 107.00 | OK | |||
r-devel-macos-x86_64 | 2.4.4 | 326.00 | OK | |||
r-devel-windows-x86_64 | 2.4.4 | 29.00 | 259.00 | 288.00 | NOTE | |
r-patched-linux-x86_64 | 2.4.4 | 31.08 | 212.32 | 243.40 | OK | |
r-release-linux-x86_64 | 2.4.4 | 24.13 | 212.95 | 237.08 | OK | |
r-release-macos-arm64 | 2.4.4 | 99.00 | OK | |||
r-release-macos-x86_64 | 2.4.4 | 150.00 | OK | |||
r-release-windows-x86_64 | 2.4.4 | 29.00 | 249.00 | 278.00 | OK | |
r-oldrel-macos-arm64 | 2.4.4 | 97.00 | OK | |||
r-oldrel-macos-x86_64 | 2.4.4 | 153.00 | OK | |||
r-oldrel-windows-x86_64 | 2.4.4 | 36.00 | 337.00 | 373.00 | OK |
Version: 2.4.4
Check: Rd cross-references
Result: NOTE
Found the following Rd file(s) with Rd \link{} targets missing package
anchors:
promaxQ.Rd: GPForth
Please provide package anchors for all Rd \link{} targets not in the
package itself and the base packages.
Flavors: r-devel-linux-x86_64-debian-clang, r-devel-linux-x86_64-debian-gcc, r-devel-windows-x86_64