Last updated on 2025-04-30 04:50:06 CEST.
Flavor | Version | Tinstall | Tcheck | Ttotal | Status | Flags |
---|---|---|---|---|---|---|
r-devel-linux-x86_64-debian-clang | 1.0.2 | 13.26 | 330.28 | 343.54 | NOTE | |
r-devel-linux-x86_64-debian-gcc | 1.0.2 | 10.25 | 230.61 | 240.86 | NOTE | |
r-devel-linux-x86_64-fedora-clang | 1.0.2 | 566.77 | OK | |||
r-devel-linux-x86_64-fedora-gcc | 1.0.2 | 556.26 | OK | |||
r-devel-windows-x86_64 | 1.0.2 | 13.00 | 397.00 | 410.00 | OK | |
r-patched-linux-x86_64 | 1.0.2 | 13.00 | 311.14 | 324.14 | OK | |
r-release-linux-x86_64 | 1.0.2 | 12.34 | 309.11 | 321.45 | OK | |
r-release-macos-arm64 | 1.0.2 | 181.00 | OK | |||
r-release-macos-x86_64 | 1.0.2 | 386.00 | OK | |||
r-release-windows-x86_64 | 1.0.2 | 14.00 | 372.00 | 386.00 | OK | |
r-oldrel-macos-arm64 | 1.0.2 | 170.00 | OK | |||
r-oldrel-macos-x86_64 | 1.0.2 | 289.00 | OK | |||
r-oldrel-windows-x86_64 | 1.0.2 | 18.00 | 466.00 | 484.00 | OK |
Version: 1.0.2
Check: CRAN incoming feasibility
Result: NOTE
Maintainer: ‘John J. Dziak <dziakj1@gmail.com>’
The Description field contains
Piper & Li (2021) <arXiv:2112.03960>. The model is similar to that of
Please refer to arXiv e-prints via their arXiv DOI <doi:10.48550/arXiv.YYMM.NNNNN>.
Flavors: r-devel-linux-x86_64-debian-clang, r-devel-linux-x86_64-debian-gcc