Last updated on 2025-04-30 04:50:06 CEST.
Flavor | Version | Tinstall | Tcheck | Ttotal | Status | Flags |
---|---|---|---|---|---|---|
r-devel-linux-x86_64-debian-clang | 0.7.1 | 9.41 | 439.66 | 449.07 | NOTE | |
r-devel-linux-x86_64-debian-gcc | 0.7.1 | 6.47 | 317.27 | 323.74 | NOTE | |
r-devel-linux-x86_64-fedora-clang | 0.7.1 | 728.60 | OK | |||
r-devel-linux-x86_64-fedora-gcc | 0.7.1 | 793.77 | OK | |||
r-devel-windows-x86_64 | 0.7.1 | 12.00 | 434.00 | 446.00 | OK | |
r-patched-linux-x86_64 | 0.7.1 | 10.56 | 421.55 | 432.11 | OK | |
r-release-linux-x86_64 | 0.7.1 | 9.10 | 417.72 | 426.82 | OK | |
r-release-macos-arm64 | 0.7.1 | 314.00 | OK | |||
r-release-macos-x86_64 | 0.7.1 | 558.00 | OK | |||
r-release-windows-x86_64 | 0.7.1 | 14.00 | 453.00 | 467.00 | OK | |
r-oldrel-macos-arm64 | 0.7.1 | 309.00 | OK | |||
r-oldrel-macos-x86_64 | 0.7.1 | 598.00 | OK | |||
r-oldrel-windows-x86_64 | 0.7.1 | 15.00 | 561.00 | 576.00 | OK |
Version: 0.7.1
Check: examples
Result: NOTE
Examples with CPU (user + system) or elapsed time > 5s
user system elapsed
inflate_all 4.905 0.526 6.529
Flavor: r-devel-linux-x86_64-debian-clang
Version: 0.7.1
Check: examples
Result: NOTE
Examples with CPU (user + system) or elapsed time > 5s
user system elapsed
inflate_all 3.382 0.619 5.372
Flavor: r-devel-linux-x86_64-debian-gcc