Last updated on 2025-02-21 03:52:13 CET.
Flavor | Version | Tinstall | Tcheck | Ttotal | Status | Flags |
---|---|---|---|---|---|---|
r-devel-linux-x86_64-debian-clang | 1.0.8 | 5.59 | 116.98 | 122.57 | OK | |
r-devel-linux-x86_64-debian-gcc | 1.0.8 | 4.08 | 89.00 | 93.08 | OK | |
r-devel-linux-x86_64-fedora-clang | 1.0.8 | 193.97 | OK | |||
r-devel-linux-x86_64-fedora-gcc | 1.0.8 | 175.06 | OK | |||
r-devel-macos-arm64 | 1.0.8 | 62.00 | OK | |||
r-devel-macos-x86_64 | 1.0.8 | 119.00 | OK | |||
r-devel-windows-x86_64 | 1.0.8 | 19.00 | 129.00 | 148.00 | OK | |
r-patched-linux-x86_64 | 1.0.8 | 5.93 | 109.74 | 115.67 | OK | |
r-release-linux-x86_64 | 1.0.8 | 5.29 | 110.33 | 115.62 | OK | |
r-release-macos-arm64 | 1.0.8 | 59.00 | OK | |||
r-release-macos-x86_64 | 1.0.8 | 98.00 | OK | |||
r-release-windows-x86_64 | 1.0.8 | 20.00 | 126.00 | 146.00 | OK | |
r-oldrel-macos-arm64 | 1.0.8 | 27.00 | NOTE | |||
r-oldrel-macos-x86_64 | 1.0.8 | 40.00 | NOTE | |||
r-oldrel-windows-x86_64 | 1.0.8 | 27.00 | 149.00 | 176.00 | OK |
Version: 1.0.8
Check: package dependencies
Result: NOTE
Package suggested but not available for checking: ‘WGCNA’
Flavors: r-oldrel-macos-arm64, r-oldrel-macos-x86_64