Last updated on 2025-04-30 04:50:06 CEST.
Flavor | Version | Tinstall | Tcheck | Ttotal | Status | Flags |
---|---|---|---|---|---|---|
r-devel-linux-x86_64-debian-clang | 0.3.0 | 3.17 | 49.15 | 52.32 | NOTE | |
r-devel-linux-x86_64-debian-gcc | 0.3.0 | 1.99 | 37.02 | 39.01 | OK | |
r-devel-linux-x86_64-fedora-clang | 0.3.0 | 81.24 | OK | |||
r-devel-linux-x86_64-fedora-gcc | 0.3.0 | 92.98 | OK | |||
r-devel-windows-x86_64 | 0.3.0 | 4.00 | 82.00 | 86.00 | OK | |
r-patched-linux-x86_64 | 0.3.0 | 3.83 | 46.48 | 50.31 | OK | |
r-release-linux-x86_64 | 0.3.0 | 3.41 | 45.89 | 49.30 | OK | |
r-release-macos-arm64 | 0.3.0 | 44.00 | OK | |||
r-release-macos-x86_64 | 0.3.0 | 71.00 | OK | |||
r-release-windows-x86_64 | 0.3.0 | 5.00 | 82.00 | 87.00 | OK | |
r-oldrel-macos-arm64 | 0.3.0 | 39.00 | OK | |||
r-oldrel-macos-x86_64 | 0.3.0 | 76.00 | OK | |||
r-oldrel-windows-x86_64 | 0.3.0 | 6.00 | 210.00 | 216.00 | OK |
Version: 0.3.0
Check: examples
Result: NOTE
Examples with CPU (user + system) or elapsed time > 5s
user system elapsed
vcovFWB 4.524 0.071 5.446
Flavor: r-devel-linux-x86_64-debian-clang