Last updated on 2025-04-30 04:50:06 CEST.
Flavor | Version | Tinstall | Tcheck | Ttotal | Status | Flags |
---|---|---|---|---|---|---|
r-devel-linux-x86_64-debian-clang | 0.3.4 | 27.85 | 26.93 | 54.78 | NOTE | |
r-devel-linux-x86_64-debian-gcc | 0.3.4 | 21.32 | 20.82 | 42.14 | NOTE | |
r-devel-linux-x86_64-fedora-clang | 0.3.4 | 107.25 | NOTE | |||
r-devel-linux-x86_64-fedora-gcc | 0.3.4 | 98.72 | NOTE | |||
r-devel-windows-x86_64 | 0.3.4 | 36.00 | 72.00 | 108.00 | NOTE | |
r-patched-linux-x86_64 | 0.3.4 | 29.32 | 25.83 | 55.15 | NOTE | |
r-release-linux-x86_64 | 0.3.4 | 29.93 | 25.43 | 55.36 | NOTE | |
r-release-macos-arm64 | 0.3.4 | 29.00 | NOTE | |||
r-release-macos-x86_64 | 0.3.4 | 38.00 | NOTE | |||
r-release-windows-x86_64 | 0.3.4 | 34.00 | 63.00 | 97.00 | NOTE | |
r-oldrel-macos-arm64 | 0.3.4 | 31.00 | NOTE | |||
r-oldrel-macos-x86_64 | 0.3.4 | 34.00 | NOTE | |||
r-oldrel-windows-x86_64 | 0.3.4 | 35.00 | 76.00 | 111.00 | NOTE |
Version: 0.3.4
Check: CRAN incoming feasibility
Result: NOTE
Maintainer: ‘Mikkel Meyer Andersen <mikl@math.aau.dk>’
No Authors@R field in DESCRIPTION.
Please add one, modifying
Authors@R: c(person(given = c("Mikkel", "Meyer"),
family = "Andersen",
role = c("aut", "cre"),
email = "mikl@math.aau.dk"),
person(given = c("Poul", "Svante"),
family = "Eriksen",
role = "aut"))
as necessary.
Flavors: r-devel-linux-x86_64-debian-clang, r-devel-linux-x86_64-debian-gcc
Version: 0.3.4
Check: C++ specification
Result: NOTE
Specified C++11: please drop specification unless essential
Flavors: r-devel-linux-x86_64-debian-clang, r-devel-linux-x86_64-debian-gcc, r-devel-linux-x86_64-fedora-clang, r-devel-linux-x86_64-fedora-gcc, r-devel-windows-x86_64, r-patched-linux-x86_64, r-release-linux-x86_64, r-release-macos-arm64, r-release-macos-x86_64, r-release-windows-x86_64, r-oldrel-macos-arm64, r-oldrel-macos-x86_64, r-oldrel-windows-x86_64