CRAN Package Check Results for Package gJLS2

Last updated on 2025-04-30 04:50:07 CEST.

Flavor Version Tinstall Tcheck Ttotal Status Flags
r-devel-linux-x86_64-debian-clang 0.2.0 9.04 78.80 87.84 OK
r-devel-linux-x86_64-debian-gcc 0.2.0 6.21 58.80 65.01 OK
r-devel-linux-x86_64-fedora-clang 0.2.0 145.13 NOTE
r-devel-linux-x86_64-fedora-gcc 0.2.0 146.77 NOTE
r-devel-windows-x86_64 0.2.0 10.00 90.00 100.00 OK
r-patched-linux-x86_64 0.2.0 8.92 75.26 84.18 OK
r-release-linux-x86_64 0.2.0 7.85 73.90 81.75 OK
r-release-macos-arm64 0.2.0 81.00 OK
r-release-macos-x86_64 0.2.0 84.00 OK
r-release-windows-x86_64 0.2.0 12.00 90.00 102.00 OK
r-oldrel-macos-arm64 0.2.0 46.00 OK
r-oldrel-macos-x86_64 0.2.0 69.00 OK
r-oldrel-windows-x86_64 0.2.0 13.00 102.00 115.00 OK

Check Details

Version: 0.2.0
Check: dependencies in R code
Result: NOTE Namespaces in Imports field not imported from: ‘MASS’ ‘MCMCpack’ ‘ggplot2’ ‘moments’ All declared Imports should be used. Flavors: r-devel-linux-x86_64-fedora-clang, r-devel-linux-x86_64-fedora-gcc