Last updated on 2025-04-30 04:50:07 CEST.
Flavor | Version | Tinstall | Tcheck | Ttotal | Status | Flags |
---|---|---|---|---|---|---|
r-devel-linux-x86_64-debian-clang | 1.0.4 | 47.65 | 158.97 | 206.62 | OK | |
r-devel-linux-x86_64-debian-gcc | 1.0.4 | 29.57 | 142.56 | 172.13 | OK | |
r-devel-linux-x86_64-fedora-clang | 1.0.4 | 331.61 | OK | |||
r-devel-linux-x86_64-fedora-gcc | 1.0.4 | 328.25 | OK | |||
r-devel-windows-x86_64 | 1.0.4 | 47.00 | 180.00 | 227.00 | OK | |
r-patched-linux-x86_64 | 1.0.4 | 44.06 | 159.71 | 203.77 | OK | |
r-release-linux-x86_64 | 1.0.4 | 44.85 | 156.34 | 201.19 | OK | |
r-release-macos-arm64 | 1.0.4 | 102.00 | OK | |||
r-release-macos-x86_64 | 1.0.4 | 172.00 | OK | |||
r-release-windows-x86_64 | 1.0.4 | 45.00 | 179.00 | 224.00 | OK | |
r-oldrel-macos-arm64 | 1.0.4 | 99.00 | NOTE | |||
r-oldrel-macos-x86_64 | 1.0.4 | 181.00 | NOTE | |||
r-oldrel-windows-x86_64 | 1.0.4 | 54.00 | 223.00 | 277.00 | OK |
Version: 1.0.4
Check: installed package size
Result: NOTE
installed size is 7.8Mb
sub-directories of 1Mb or more:
libs 7.4Mb
Flavors: r-oldrel-macos-arm64, r-oldrel-macos-x86_64