Last updated on 2025-04-30 04:50:07 CEST.
Flavor | Version | Tinstall | Tcheck | Ttotal | Status | Flags |
---|---|---|---|---|---|---|
r-devel-linux-x86_64-debian-clang | 1.4 | 22.27 | 61.93 | 84.20 | NOTE | |
r-devel-linux-x86_64-debian-gcc | 1.4 | 15.41 | 39.96 | 55.37 | OK | |
r-devel-linux-x86_64-fedora-clang | 1.4 | 153.29 | OK | |||
r-devel-linux-x86_64-fedora-gcc | 1.4 | 138.70 | OK | |||
r-devel-windows-x86_64 | 1.4 | 28.00 | 87.00 | 115.00 | OK | |
r-patched-linux-x86_64 | 1.4 | 21.07 | 58.24 | 79.31 | OK | |
r-release-linux-x86_64 | 1.4 | 19.87 | 57.64 | 77.51 | OK | |
r-release-macos-arm64 | 1.4 | 40.00 | OK | |||
r-release-macos-x86_64 | 1.4 | 71.00 | OK | |||
r-release-windows-x86_64 | 1.4 | 29.00 | 92.00 | 121.00 | OK | |
r-oldrel-macos-arm64 | 1.4 | 36.00 | OK | |||
r-oldrel-macos-x86_64 | 1.4 | 62.00 | OK | |||
r-oldrel-windows-x86_64 | 1.4 | 32.00 | 105.00 | 137.00 | OK |
Version: 1.4
Check: examples
Result: NOTE
Examples with CPU (user + system) or elapsed time > 5s
user system elapsed
getSigTests 7.179 0.051 8.328
Flavor: r-devel-linux-x86_64-debian-clang