CRAN Package Check Results for Package gRain

Last updated on 2025-04-30 04:50:07 CEST.

Flavor Version Tinstall Tcheck Ttotal Status Flags
r-devel-linux-x86_64-debian-clang 1.4.5 35.07 118.95 154.02 NOTE
r-devel-linux-x86_64-debian-gcc 1.4.5 24.66 83.12 107.78 NOTE
r-devel-linux-x86_64-fedora-clang 1.4.5 275.10 OK
r-devel-linux-x86_64-fedora-gcc 1.4.5 256.35 OK
r-devel-windows-x86_64 1.4.5 47.00 137.00 184.00 OK
r-patched-linux-x86_64 1.4.5 36.50 110.17 146.67 NOTE
r-release-linux-x86_64 1.4.5 35.52 110.84 146.36 NOTE
r-release-macos-arm64 1.4.5 83.00 OK
r-release-macos-x86_64 1.4.5 144.00 OK
r-release-windows-x86_64 1.4.5 49.00 134.00 183.00 OK
r-oldrel-macos-arm64 1.4.5 70.00 OK
r-oldrel-macos-x86_64 1.4.5 121.00 OK
r-oldrel-windows-x86_64 1.4.5 52.00 180.00 232.00 OK

Check Details

Version: 1.4.5
Check: for unstated dependencies in ‘demo’
Result: NOTE 'library' or 'require' call not declared from: ‘Rgraphviz’ Flavors: r-devel-linux-x86_64-debian-clang, r-devel-linux-x86_64-debian-gcc, r-patched-linux-x86_64, r-release-linux-x86_64