Last updated on 2025-04-30 04:50:07 CEST.
Flavor | Version | Tinstall | Tcheck | Ttotal | Status | Flags |
---|---|---|---|---|---|---|
r-devel-linux-x86_64-debian-clang | 2.0.3 | 188.60 | 115.41 | 304.01 | OK | |
r-devel-linux-x86_64-debian-gcc | 2.0.3 | 139.51 | 83.73 | 223.24 | OK | |
r-devel-linux-x86_64-fedora-clang | 2.0.3 | 623.87 | OK | |||
r-devel-linux-x86_64-fedora-gcc | 2.0.3 | 582.82 | OK | |||
r-devel-windows-x86_64 | 2.0.3 | 223.00 | 163.00 | 386.00 | OK | |
r-patched-linux-x86_64 | 2.0.3 | 200.92 | 111.20 | 312.12 | OK | |
r-release-linux-x86_64 | 2.0.3 | 195.93 | 108.98 | 304.91 | OK | |
r-release-macos-arm64 | 2.0.3 | 130.00 | OK | |||
r-release-macos-x86_64 | 2.0.3 | 171.00 | OK | |||
r-release-windows-x86_64 | 2.0.3 | 221.00 | 164.00 | 385.00 | OK | |
r-oldrel-macos-arm64 | 2.0.3 | 127.00 | NOTE | |||
r-oldrel-macos-x86_64 | 2.0.3 | 183.00 | NOTE | |||
r-oldrel-windows-x86_64 | 2.0.3 | 249.00 | 203.00 | 452.00 | NOTE |
Version: 2.0.3
Check: installed package size
Result: NOTE
installed size is 15.7Mb
sub-directories of 1Mb or more:
data 3.9Mb
libs 10.5Mb
Flavors: r-oldrel-macos-arm64, r-oldrel-macos-x86_64, r-oldrel-windows-x86_64