Last updated on 2025-04-30 04:50:07 CEST.
Flavor | Version | Tinstall | Tcheck | Ttotal | Status | Flags |
---|---|---|---|---|---|---|
r-devel-linux-x86_64-debian-clang | 1.0 | 13.24 | 52.23 | 65.47 | NOTE | |
r-devel-linux-x86_64-debian-gcc | 1.0 | 7.62 | 33.91 | 41.53 | NOTE | |
r-devel-linux-x86_64-fedora-clang | 1.0 | 114.37 | OK | |||
r-devel-linux-x86_64-fedora-gcc | 1.0 | 101.73 | OK | |||
r-devel-windows-x86_64 | 1.0 | 10.00 | 65.00 | 75.00 | OK | |
r-patched-linux-x86_64 | 1.0 | 13.02 | 48.77 | 61.79 | OK | |
r-release-linux-x86_64 | 1.0 | 11.49 | 48.42 | 59.91 | OK | |
r-release-macos-arm64 | 1.0 | 29.00 | OK | |||
r-release-macos-x86_64 | 1.0 | 51.00 | OK | |||
r-release-windows-x86_64 | 1.0 | 13.00 | 63.00 | 76.00 | OK | |
r-oldrel-macos-arm64 | 1.0 | 26.00 | OK | |||
r-oldrel-macos-x86_64 | 1.0 | 41.00 | OK | |||
r-oldrel-windows-x86_64 | 1.0 | 15.00 | 72.00 | 87.00 | OK |
Version: 1.0
Check: CRAN incoming feasibility
Result: NOTE
Maintainer: ‘Hao Chen <hxchen@ucdavis.edu>’
No Authors@R field in DESCRIPTION.
Please add one, modifying
Authors@R: c(person(given = "Hao",
family = "Chen",
role = c("aut", "cre"),
email = "hxchen@ucdavis.edu"),
person(given = c("Nancy", "R."),
family = "Zhang",
role = "aut"),
person(given = "Lynna",
family = "Chu",
role = "aut"),
person(given = "Hoseung",
family = "Song",
role = "aut"))
as necessary.
Flavors: r-devel-linux-x86_64-debian-clang, r-devel-linux-x86_64-debian-gcc