Last updated on 2025-11-03 03:49:41 CET.
| Flavor | Version | Tinstall | Tcheck | Ttotal | Status | Flags |
|---|---|---|---|---|---|---|
| r-devel-linux-x86_64-debian-clang | 0.0.5 | 4.87 | 79.67 | 84.54 | NOTE | |
| r-devel-linux-x86_64-debian-gcc | 0.0.5 | 3.17 | 53.16 | 56.33 | NOTE | |
| r-devel-linux-x86_64-fedora-clang | 0.0.5 | 20.00 | 115.82 | 135.82 | NOTE | |
| r-devel-linux-x86_64-fedora-gcc | 0.0.5 | 124.99 | NOTE | |||
| r-devel-windows-x86_64 | 0.0.5 | 6.00 | 86.00 | 92.00 | NOTE | |
| r-patched-linux-x86_64 | 0.0.5 | 4.67 | 74.89 | 79.56 | NOTE | |
| r-release-linux-x86_64 | 0.0.5 | 4.41 | 73.66 | 78.07 | NOTE | |
| r-release-macos-arm64 | 0.0.5 | 3.00 | 51.00 | 54.00 | NOTE | |
| r-release-macos-x86_64 | 0.0.5 | 4.00 | 66.00 | 70.00 | NOTE | |
| r-release-windows-x86_64 | 0.0.5 | 7.00 | 84.00 | 91.00 | NOTE | |
| r-oldrel-macos-arm64 | 0.0.5 | 2.00 | 33.00 | 35.00 | NOTE | |
| r-oldrel-macos-x86_64 | 0.0.5 | 4.00 | 54.00 | 58.00 | NOTE | |
| r-oldrel-windows-x86_64 | 0.0.5 | 8.00 | 111.00 | 119.00 | NOTE |
Version: 0.0.5
Check: Rd files
Result: NOTE
checkRd: (-1) min_hpd_inc_area_df.Rd:20: Lost braces in \itemize; \value handles \item{}{} directly
checkRd: (-1) min_hpd_inc_area_df.Rd:21-22: Lost braces in \itemize; \value handles \item{}{} directly
checkRd: (-1) min_hpd_inc_area_df.Rd:23: Lost braces in \itemize; \value handles \item{}{} directly
checkRd: (-1) vza_mean_and_var_rasters.Rd:20: Lost braces
20 | of the paper on Wilson's warbler, this function computes $tilde{T}^{(mu)}$ (returned as
| ^
checkRd: (-1) vza_mean_and_var_rasters.Rd:20: Lost braces; missing escapes or markup?
20 | of the paper on Wilson's warbler, this function computes $tilde{T}^{(mu)}$ (returned as
| ^
checkRd: (-1) vza_mean_and_var_rasters.Rd:21: Lost braces; missing escapes or markup?
21 | list component \code{mean.raster}) and $R^{(sigma^2)}$ (returned as list component
| ^
Flavors: r-devel-linux-x86_64-debian-clang, r-devel-linux-x86_64-debian-gcc, r-devel-linux-x86_64-fedora-clang, r-devel-linux-x86_64-fedora-gcc, r-devel-windows-x86_64, r-patched-linux-x86_64, r-release-linux-x86_64, r-release-macos-arm64, r-release-macos-x86_64, r-release-windows-x86_64, r-oldrel-macos-arm64, r-oldrel-macos-x86_64, r-oldrel-windows-x86_64