Last updated on 2025-04-30 04:50:06 CEST.
Flavor | Version | Tinstall | Tcheck | Ttotal | Status | Flags |
---|---|---|---|---|---|---|
r-devel-linux-x86_64-debian-clang | 0.2.1 | 57.02 | 160.95 | 217.97 | NOTE | |
r-devel-linux-x86_64-debian-gcc | 0.2.1 | 42.23 | 114.58 | 156.81 | OK | |
r-devel-linux-x86_64-fedora-clang | 0.2.1 | 357.86 | OK | |||
r-devel-linux-x86_64-fedora-gcc | 0.2.1 | 398.07 | OK | |||
r-devel-windows-x86_64 | 0.2.1 | 59.00 | 192.00 | 251.00 | OK | |
r-patched-linux-x86_64 | 0.2.1 | 63.49 | 156.76 | 220.25 | OK | |
r-release-linux-x86_64 | 0.2.1 | 60.36 | 154.08 | 214.44 | OK | |
r-release-macos-arm64 | 0.2.1 | 116.00 | OK | |||
r-release-macos-x86_64 | 0.2.1 | 224.00 | OK | |||
r-release-windows-x86_64 | 0.2.1 | 61.00 | 194.00 | 255.00 | OK | |
r-oldrel-macos-arm64 | 0.2.1 | 116.00 | NOTE | |||
r-oldrel-macos-x86_64 | 0.2.1 | 302.00 | NOTE | |||
r-oldrel-windows-x86_64 | 0.2.1 | 66.00 | 353.00 | 419.00 | OK |
Version: 0.2.1
Check: examples
Result: NOTE
Examples with CPU (user + system) or elapsed time > 5s
user system elapsed
galamm 5.181 0.022 7.551
plot_smooth.galamm 3.363 0.000 5.602
Flavor: r-devel-linux-x86_64-debian-clang
Version: 0.2.1
Check: installed package size
Result: NOTE
installed size is 25.8Mb
sub-directories of 1Mb or more:
doc 2.0Mb
libs 22.2Mb
Flavors: r-oldrel-macos-arm64, r-oldrel-macos-x86_64