CRAN Package Check Results for Package gambin

Last updated on 2025-04-30 04:50:06 CEST.

Flavor Version Tinstall Tcheck Ttotal Status Flags
r-devel-linux-x86_64-debian-clang 2.5.0 2.75 37.78 40.53 NOTE
r-devel-linux-x86_64-debian-gcc 2.5.0 1.76 29.40 31.16 NOTE
r-devel-linux-x86_64-fedora-clang 2.5.0 63.39 OK
r-devel-linux-x86_64-fedora-gcc 2.5.0 70.97 OK
r-devel-windows-x86_64 2.5.0 4.00 70.00 74.00 OK
r-patched-linux-x86_64 2.5.0 2.73 34.48 37.21 OK
r-release-linux-x86_64 2.5.0 2.62 34.34 36.96 OK
r-release-macos-arm64 2.5.0 43.00 OK
r-release-macos-x86_64 2.5.0 59.00 OK
r-release-windows-x86_64 2.5.0 3.00 69.00 72.00 OK
r-oldrel-macos-arm64 2.5.0 35.00 OK
r-oldrel-macos-x86_64 2.5.0 55.00 OK
r-oldrel-windows-x86_64 2.5.0 5.00 169.00 174.00 OK

Check Details

Version: 2.5.0
Check: CRAN incoming feasibility
Result: NOTE Maintainer: ‘Thomas Matthews <txm676@gmail.com>’ Package CITATION file contains call(s) to old-style personList() or as.personList(). Please use c() on person objects instead. Package CITATION file contains call(s) to old-style citEntry(). Please use bibentry() instead. Flavors: r-devel-linux-x86_64-debian-clang, r-devel-linux-x86_64-debian-gcc