Last updated on 2025-04-30 04:50:06 CEST.
Flavor | Version | Tinstall | Tcheck | Ttotal | Status | Flags |
---|---|---|---|---|---|---|
r-devel-linux-x86_64-debian-clang | 5.1-13 | 8.41 | 72.21 | 80.62 | NOTE | |
r-devel-linux-x86_64-debian-gcc | 5.1-13 | 6.42 | 53.08 | 59.50 | NOTE | |
r-devel-linux-x86_64-fedora-clang | 5.1-13 | 132.38 | OK | |||
r-devel-linux-x86_64-fedora-gcc | 5.1-13 | 117.56 | OK | |||
r-devel-windows-x86_64 | 5.1-13 | 10.00 | 90.00 | 100.00 | NOTE | |
r-patched-linux-x86_64 | 5.1-13 | 9.07 | 68.71 | 77.78 | NOTE | |
r-release-linux-x86_64 | 5.1-13 | 8.76 | 69.19 | 77.95 | NOTE | |
r-release-macos-arm64 | 5.1-13 | 39.00 | OK | |||
r-release-macos-x86_64 | 5.1-13 | 80.00 | OK | |||
r-release-windows-x86_64 | 5.1-13 | 9.00 | 89.00 | 98.00 | NOTE | |
r-oldrel-macos-arm64 | 5.1-13 | 40.00 | OK | |||
r-oldrel-macos-x86_64 | 5.1-13 | 56.00 | OK | |||
r-oldrel-windows-x86_64 | 5.1-13 | 11.00 | 178.00 | 189.00 | OK |
Version: 5.1-13
Check: Rd cross-references
Result: NOTE
Found the following Rd file(s) with Rd \link{} targets missing package
anchors:
centilesTwo.Rd: centiles
Please provide package anchors for all Rd \link{} targets not in the
package itself and the base packages.
Flavors: r-devel-linux-x86_64-debian-clang, r-devel-linux-x86_64-debian-gcc, r-devel-windows-x86_64, r-patched-linux-x86_64, r-release-linux-x86_64, r-release-windows-x86_64