Last updated on 2025-04-30 04:50:06 CEST.
Flavor | Version | Tinstall | Tcheck | Ttotal | Status | Flags |
---|---|---|---|---|---|---|
r-devel-linux-x86_64-debian-clang | 1.0-1 | 7.04 | 68.00 | 75.04 | NOTE | |
r-devel-linux-x86_64-debian-gcc | 1.0-1 | 6.05 | 50.76 | 56.81 | NOTE | |
r-devel-linux-x86_64-fedora-clang | 1.0-1 | 121.03 | OK | |||
r-devel-linux-x86_64-fedora-gcc | 1.0-1 | 111.59 | OK | |||
r-devel-windows-x86_64 | 1.0-1 | 8.00 | 83.00 | 91.00 | OK | |
r-patched-linux-x86_64 | 1.0-1 | 7.46 | 65.43 | 72.89 | OK | |
r-release-linux-x86_64 | 1.0-1 | 6.70 | 66.30 | 73.00 | OK | |
r-release-macos-arm64 | 1.0-1 | 39.00 | OK | |||
r-release-macos-x86_64 | 1.0-1 | 72.00 | OK | |||
r-release-windows-x86_64 | 1.0-1 | 9.00 | 81.00 | 90.00 | OK | |
r-oldrel-macos-arm64 | 1.0-1 | 34.00 | OK | |||
r-oldrel-macos-x86_64 | 1.0-1 | 53.00 | OK | |||
r-oldrel-windows-x86_64 | 1.0-1 | 10.00 | 135.00 | 145.00 | OK |
Version: 1.0-1
Check: examples
Result: NOTE
Examples with CPU (user + system) or elapsed time > 5s
user system elapsed
gnet 5.027 0.019 5.549
Flavor: r-devel-linux-x86_64-debian-clang
Version: 1.0-1
Check: examples
Result: NOTE
Examples with CPU (user + system) or elapsed time > 5s
user system elapsed
gnet 3.784 0.298 5.375
Flavor: r-devel-linux-x86_64-debian-gcc