Last updated on 2025-04-30 04:50:06 CEST.
Flavor | Version | Tinstall | Tcheck | Ttotal | Status | Flags |
---|---|---|---|---|---|---|
r-devel-linux-x86_64-debian-clang | 5.1-9 | 8.49 | 59.82 | 68.31 | NOTE | |
r-devel-linux-x86_64-debian-gcc | 5.1-9 | 5.65 | 44.65 | 50.30 | NOTE | |
r-devel-linux-x86_64-fedora-clang | 5.1-9 | 110.43 | OK | |||
r-devel-linux-x86_64-fedora-gcc | 5.1-9 | 98.22 | OK | |||
r-devel-windows-x86_64 | 5.1-9 | 8.00 | 77.00 | 85.00 | OK | |
r-patched-linux-x86_64 | 5.1-9 | 7.18 | 58.02 | 65.20 | OK | |
r-release-linux-x86_64 | 5.1-9 | 7.62 | 58.17 | 65.79 | OK | |
r-release-macos-arm64 | 5.1-9 | 34.00 | OK | |||
r-release-macos-x86_64 | 5.1-9 | 57.00 | OK | |||
r-release-windows-x86_64 | 5.1-9 | 9.00 | 75.00 | 84.00 | OK | |
r-oldrel-macos-arm64 | 5.1-9 | 32.00 | OK | |||
r-oldrel-macos-x86_64 | 5.1-9 | 46.00 | OK | |||
r-oldrel-windows-x86_64 | 5.1-9 | 11.00 | 99.00 | 110.00 | OK |
Version: 5.1-9
Check: CRAN incoming feasibility
Result: NOTE
Maintainer: ‘Mikis Stasinopoulos <d.stasinopoulos@gre.ac.uk>’
No Authors@R field in DESCRIPTION.
Please add one, modifying
Authors@R: c(person(given = "Mikis",
family = "Stasinopoulos",
role = c("aut", "cre"),
email = "d.stasinopoulos@gre.ac.uk"),
person(given = "Bob",
family = "Rigby",
role = "aut",
email = "r.rigby@gre.ac.uk"))
as necessary.
Flavors: r-devel-linux-x86_64-debian-clang, r-devel-linux-x86_64-debian-gcc