Last updated on 2025-04-30 04:50:06 CEST.
Flavor | Version | Tinstall | Tcheck | Ttotal | Status | Flags |
---|---|---|---|---|---|---|
r-devel-linux-x86_64-debian-clang | 0.3 | 33.06 | 77.35 | 110.41 | NOTE | |
r-devel-linux-x86_64-debian-gcc | 0.3 | 23.43 | 58.88 | 82.31 | NOTE | |
r-devel-linux-x86_64-fedora-clang | 0.3 | 185.72 | OK | |||
r-devel-linux-x86_64-fedora-gcc | 0.3 | 167.62 | OK | |||
r-devel-windows-x86_64 | 0.3 | 41.00 | 107.00 | 148.00 | OK | |
r-patched-linux-x86_64 | 0.3 | 34.58 | 75.07 | 109.65 | OK | |
r-release-linux-x86_64 | 0.3 | 29.96 | 74.91 | 104.87 | OK | |
r-release-macos-arm64 | 0.3 | 51.00 | OK | |||
r-release-macos-x86_64 | 0.3 | 102.00 | OK | |||
r-release-windows-x86_64 | 0.3 | 42.00 | 102.00 | 144.00 | OK | |
r-oldrel-macos-arm64 | 0.3 | 49.00 | NOTE | |||
r-oldrel-macos-x86_64 | 0.3 | 92.00 | NOTE | |||
r-oldrel-windows-x86_64 | 0.3 | 45.00 | 133.00 | 178.00 | NOTE |
Version: 0.3
Check: CRAN incoming feasibility
Result: NOTE
Maintainer: ‘Takayuki Kawashima <t-kawa@ism.ac.jp>’
No Authors@R field in DESCRIPTION.
Please add one, modifying
Authors@R: person(given = "Takayuki",
family = "Kawashima",
role = c("aut", "cre"),
email = "t-kawa@ism.ac.jp")
as necessary.
Flavors: r-devel-linux-x86_64-debian-clang, r-devel-linux-x86_64-debian-gcc
Version: 0.3
Check: LazyData
Result: NOTE
'LazyData' is specified without a 'data' directory
Flavors: r-oldrel-macos-arm64, r-oldrel-macos-x86_64, r-oldrel-windows-x86_64