Last updated on 2025-04-30 04:50:06 CEST.
Flavor | Version | Tinstall | Tcheck | Ttotal | Status | Flags |
---|---|---|---|---|---|---|
r-devel-linux-x86_64-debian-clang | 1.6 | 25.64 | 254.00 | 279.64 | NOTE | |
r-devel-linux-x86_64-debian-gcc | 1.6 | 16.04 | 176.50 | 192.54 | OK | |
r-devel-linux-x86_64-fedora-clang | 1.6 | 451.47 | OK | |||
r-devel-linux-x86_64-fedora-gcc | 1.6 | 418.60 | OK | |||
r-devel-windows-x86_64 | 1.6 | 38.00 | 382.00 | 420.00 | OK | |
r-patched-linux-x86_64 | 1.6 | 24.14 | 244.93 | 269.07 | OK | |
r-release-linux-x86_64 | 1.6 | 24.22 | 245.85 | 270.07 | OK | |
r-release-macos-arm64 | 1.6 | 127.00 | OK | |||
r-release-macos-x86_64 | 1.6 | 369.00 | OK | |||
r-release-windows-x86_64 | 1.6 | 34.00 | 377.00 | 411.00 | OK | |
r-oldrel-macos-arm64 | 1.6 | 134.00 | NOTE | |||
r-oldrel-macos-x86_64 | 1.6 | 287.00 | NOTE | |||
r-oldrel-windows-x86_64 | 1.6 | 43.00 | 398.00 | 441.00 | NOTE |
Version: 1.6
Check: examples
Result: NOTE
Examples with CPU (user + system) or elapsed time > 5s
user system elapsed
mr 3.708 0.276 5.126
Flavor: r-devel-linux-x86_64-debian-clang
Version: 1.6
Check: installed package size
Result: NOTE
installed size is 9.0Mb
sub-directories of 1Mb or more:
doc 7.4Mb
Flavors: r-oldrel-macos-arm64, r-oldrel-macos-x86_64, r-oldrel-windows-x86_64