CRAN Package Check Results for Package gapclosing

Last updated on 2025-04-30 04:50:06 CEST.

Flavor Version Tinstall Tcheck Ttotal Status Flags
r-devel-linux-x86_64-debian-clang 1.0.2 2.44 80.49 82.93 NOTE
r-devel-linux-x86_64-debian-gcc 1.0.2 2.14 60.11 62.25 NOTE
r-devel-linux-x86_64-fedora-clang 1.0.2 132.15 OK
r-devel-linux-x86_64-fedora-gcc 1.0.2 133.44 OK
r-devel-windows-x86_64 1.0.2 6.00 237.00 243.00 OK
r-patched-linux-x86_64 1.0.2 2.10 77.82 79.92 OK
r-release-linux-x86_64 1.0.2 3.01 76.90 79.91 OK
r-release-macos-arm64 1.0.2 135.00 OK
r-release-macos-x86_64 1.0.2 298.00 OK
r-release-windows-x86_64 1.0.2 7.00 232.00 239.00 OK
r-oldrel-macos-arm64 1.0.2 123.00 OK
r-oldrel-macos-x86_64 1.0.2 255.00 OK
r-oldrel-windows-x86_64 1.0.2 6.00 353.00 359.00 OK

Check Details

Version: 1.0.2
Check: CRAN incoming feasibility
Result: NOTE Maintainer: ‘Ian Lundberg <ianlundberg@ucla.edu>’ Package CITATION file contains call(s) to old-style personList() or as.personList(). Please use c() on person objects instead. Package CITATION file contains call(s) to old-style citEntry(). Please use bibentry() instead. Flavors: r-devel-linux-x86_64-debian-clang, r-devel-linux-x86_64-debian-gcc