Last updated on 2025-04-30 04:50:06 CEST.
Flavor | Version | Tinstall | Tcheck | Ttotal | Status | Flags |
---|---|---|---|---|---|---|
r-devel-linux-x86_64-debian-clang | 1.1.6 | 28.15 | 110.09 | 138.24 | NOTE | |
r-devel-linux-x86_64-debian-gcc | 1.1.6 | 17.41 | 83.50 | 100.91 | NOTE | |
r-devel-linux-x86_64-fedora-clang | 1.1.6 | 225.54 | OK | |||
r-devel-linux-x86_64-fedora-gcc | 1.1.6 | 214.32 | OK | |||
r-devel-windows-x86_64 | 1.1.6 | 32.00 | 182.00 | 214.00 | OK | |
r-patched-linux-x86_64 | 1.1.6 | 25.82 | 104.76 | 130.58 | OK | |
r-release-linux-x86_64 | 1.1.6 | 25.48 | 104.90 | 130.38 | OK | |
r-release-macos-arm64 | 1.1.6 | 89.00 | OK | |||
r-release-macos-x86_64 | 1.1.6 | 133.00 | OK | |||
r-release-windows-x86_64 | 1.1.6 | 34.00 | 181.00 | 215.00 | OK | |
r-oldrel-macos-arm64 | 1.1.6 | 60.00 | OK | |||
r-oldrel-macos-x86_64 | 1.1.6 | 112.00 | OK | |||
r-oldrel-windows-x86_64 | 1.1.6 | 37.00 | 203.00 | 240.00 | OK |
Version: 1.1.6
Check: CRAN incoming feasibility
Result: NOTE
Maintainer: ‘Fabien Navarro <fabien.navarro@math.cnrs.fr>’
The Description field contains
(2019) <arxiv:1906.01882>. The package also provides an interface to
Please refer to arXiv e-prints via their arXiv DOI <doi:10.48550/arXiv.YYMM.NNNNN>.
Flavors: r-devel-linux-x86_64-debian-clang, r-devel-linux-x86_64-debian-gcc