CRAN Package Check Results for Package gastempt

Last updated on 2025-04-30 04:50:06 CEST.

Flavor Version Tinstall Tcheck Ttotal Status Flags
r-devel-linux-x86_64-debian-clang 0.7.0 448.91 171.98 620.89 NOTE
r-devel-linux-x86_64-debian-gcc 0.7.0 430.45 157.66 588.11 NOTE
r-devel-linux-x86_64-fedora-clang 0.7.0 967.25 OK
r-devel-linux-x86_64-fedora-gcc 0.7.0 1334.45 OK
r-devel-windows-x86_64 0.7.0 500.00 253.00 753.00 OK
r-patched-linux-x86_64 0.7.0 549.92 213.02 762.94 OK
r-release-linux-x86_64 0.7.0 556.90 213.52 770.42 OK
r-release-macos-arm64 0.7.0 268.00 OK
r-release-macos-x86_64 0.7.0 304.00 OK
r-release-windows-x86_64 0.7.0 492.00 245.00 737.00 OK
r-oldrel-macos-arm64 0.7.0 147.00 NOTE
r-oldrel-macos-x86_64 0.7.0 156.00 NOTE
r-oldrel-windows-x86_64 0.7.0 546.00 304.00 850.00 OK

Check Details

Version: 0.7.0
Check: examples
Result: NOTE Examples with CPU (user + system) or elapsed time > 5s user system elapsed stan_gastempt 7.205 0.083 8.22 Flavor: r-devel-linux-x86_64-debian-clang

Version: 0.7.0
Check: examples
Result: NOTE Examples with CPU (user + system) or elapsed time > 5s user system elapsed stan_gastempt 6.818 0.112 9.323 Flavor: r-devel-linux-x86_64-debian-gcc

Version: 0.7.0
Check: installed package size
Result: NOTE installed size is 112.1Mb sub-directories of 1Mb or more: libs 111.6Mb Flavors: r-oldrel-macos-arm64, r-oldrel-macos-x86_64

Version: 0.7.0
Check: for GNU extensions in Makefiles
Result: NOTE GNU make is a SystemRequirements. Flavors: r-oldrel-macos-arm64, r-oldrel-macos-x86_64