Last updated on 2025-11-02 03:51:38 CET.
| Flavor | Version | Tinstall | Tcheck | Ttotal | Status | Flags |
|---|---|---|---|---|---|---|
| r-devel-linux-x86_64-debian-clang | 1.6 | 505.48 | 101.43 | 606.91 | OK | |
| r-devel-linux-x86_64-debian-gcc | 1.6 | 415.15 | 107.88 | 523.03 | OK | |
| r-devel-linux-x86_64-fedora-clang | 1.6 | 780.00 | 371.01 | 1151.01 | OK | |
| r-devel-linux-x86_64-fedora-gcc | 1.6 | 592.00 | 676.21 | 1268.21 | OK | |
| r-devel-windows-x86_64 | 1.6 | 558.00 | 203.00 | 761.00 | OK | |
| r-patched-linux-x86_64 | 1.6 | 579.10 | 148.79 | 727.89 | OK | |
| r-release-linux-x86_64 | 1.6 | 578.47 | 150.61 | 729.08 | OK | |
| r-release-macos-arm64 | 1.6 | 174.00 | 60.00 | 234.00 | OK | |
| r-release-macos-x86_64 | 1.6 | 162.00 | 104.00 | 266.00 | OK | |
| r-release-windows-x86_64 | 1.6 | 522.00 | 195.00 | 717.00 | OK | |
| r-oldrel-macos-arm64 | 1.6 | 103.00 | 41.00 | 144.00 | NOTE | |
| r-oldrel-macos-x86_64 | 1.6 | 63.00 | 69.00 | 132.00 | NOTE | |
| r-oldrel-windows-x86_64 | 1.6 | 653.00 | 242.00 | 895.00 | NOTE |
Version: 1.6
Check: installed package size
Result: NOTE
installed size is 96.4Mb
sub-directories of 1Mb or more:
extdata 1.6Mb
libs 92.8Mb
Flavors: r-oldrel-macos-arm64, r-oldrel-macos-x86_64, r-oldrel-windows-x86_64