Last updated on 2025-04-30 04:50:06 CEST.
Flavor | Version | Tinstall | Tcheck | Ttotal | Status | Flags |
---|---|---|---|---|---|---|
r-devel-linux-x86_64-debian-clang | 1.6 | 523.57 | 97.01 | 620.58 | OK | |
r-devel-linux-x86_64-debian-gcc | 1.6 | 425.05 | 103.68 | 528.73 | OK | |
r-devel-linux-x86_64-fedora-clang | 1.6 | 1099.53 | OK | |||
r-devel-linux-x86_64-fedora-gcc | 1.6 | 1311.16 | OK | |||
r-devel-windows-x86_64 | 1.6 | 563.00 | 216.00 | 779.00 | OK | |
r-patched-linux-x86_64 | 1.6 | 569.39 | 145.67 | 715.06 | OK | |
r-release-linux-x86_64 | 1.6 | 568.70 | 145.12 | 713.82 | OK | |
r-release-macos-arm64 | 1.6 | 234.00 | OK | |||
r-release-macos-x86_64 | 1.6 | 266.00 | OK | |||
r-release-windows-x86_64 | 1.6 | 564.00 | 213.00 | 777.00 | OK | |
r-oldrel-macos-arm64 | 1.6 | 144.00 | NOTE | |||
r-oldrel-macos-x86_64 | 1.6 | 132.00 | NOTE | |||
r-oldrel-windows-x86_64 | 1.6 | 630.00 | 235.00 | 865.00 | NOTE |
Version: 1.6
Check: installed package size
Result: NOTE
installed size is 96.4Mb
sub-directories of 1Mb or more:
extdata 1.6Mb
libs 92.8Mb
Flavors: r-oldrel-macos-arm64, r-oldrel-macos-x86_64, r-oldrel-windows-x86_64