CRAN Package Check Results for Package gateR

Last updated on 2025-04-30 04:50:06 CEST.

Flavor Version Tinstall Tcheck Ttotal Status Flags
r-devel-linux-x86_64-debian-clang 0.1.15 43.82 385.85 429.67 NOTE
r-devel-linux-x86_64-debian-gcc 0.1.15 32.32 277.19 309.51 NOTE
r-devel-linux-x86_64-fedora-clang 0.1.15 728.64 OK
r-devel-linux-x86_64-fedora-gcc 0.1.15 725.17 OK
r-devel-windows-x86_64 0.1.15 28.00 317.00 345.00 NOTE
r-patched-linux-x86_64 0.1.15 39.73 370.70 410.43 NOTE
r-release-linux-x86_64 0.1.15 40.37 378.59 418.96 NOTE
r-release-macos-arm64 0.1.15 292.00 OK
r-release-macos-x86_64 0.1.15 476.00 OK
r-release-windows-x86_64 0.1.15 30.00 304.00 334.00 NOTE
r-oldrel-macos-arm64 0.1.15 276.00 OK
r-oldrel-macos-x86_64 0.1.15 271.00 OK
r-oldrel-windows-x86_64 0.1.15 37.00 346.00 383.00 OK

Check Details

Version: 0.1.15
Check: Rd cross-references
Result: NOTE Found the following Rd file(s) with Rd \link{} targets missing package anchors: gateR-package.Rd: sparr, spatstat.geom, terra Please provide package anchors for all Rd \link{} targets not in the package itself and the base packages. Flavors: r-devel-linux-x86_64-debian-clang, r-devel-linux-x86_64-debian-gcc, r-devel-windows-x86_64, r-patched-linux-x86_64, r-release-linux-x86_64, r-release-windows-x86_64