CRAN Package Check Results for Package gauseR

Last updated on 2025-04-30 04:50:06 CEST.

Flavor Version Tinstall Tcheck Ttotal Status Flags
r-devel-linux-x86_64-debian-clang 1.2 2.52 60.03 62.55 NOTE
r-devel-linux-x86_64-debian-gcc 1.2 1.62 41.11 42.73 OK
r-devel-linux-x86_64-fedora-clang 1.2 107.12 OK
r-devel-linux-x86_64-fedora-gcc 1.2 110.59 OK
r-devel-windows-x86_64 1.2 5.00 89.00 94.00 OK
r-patched-linux-x86_64 1.2 3.49 58.30 61.79 OK
r-release-linux-x86_64 1.2 2.35 56.48 58.83 OK
r-release-macos-arm64 1.2 35.00 OK
r-release-macos-x86_64 1.2 68.00 OK
r-release-windows-x86_64 1.2 5.00 79.00 84.00 OK
r-oldrel-macos-arm64 1.2 30.00 OK
r-oldrel-macos-x86_64 1.2 65.00 OK
r-oldrel-windows-x86_64 1.2 4.00 90.00 94.00 OK

Check Details

Version: 1.2
Check: examples
Result: NOTE Examples with CPU (user + system) or elapsed time > 5s user system elapsed lv_optim 6.786 0.014 9.150 gause_wrapper 4.379 0.000 6.422 test_goodness_of_fit 4.092 0.000 5.520 Flavor: r-devel-linux-x86_64-debian-clang