CRAN Package Check Results for Package gaussquad

Last updated on 2025-04-30 04:50:06 CEST.

Flavor Version Tinstall Tcheck Ttotal Status Flags
r-devel-linux-x86_64-debian-clang 1.0-3 2.90 34.55 37.45 NOTE
r-devel-linux-x86_64-debian-gcc 1.0-3 2.21 26.71 28.92 NOTE
r-devel-linux-x86_64-fedora-clang 1.0-3 60.81 OK
r-devel-linux-x86_64-fedora-gcc 1.0-3 54.83 OK
r-devel-windows-x86_64 1.0-3 3.00 69.00 72.00 OK
r-patched-linux-x86_64 1.0-3 3.60 33.07 36.67 OK
r-release-linux-x86_64 1.0-3 2.88 32.94 35.82 OK
r-release-macos-arm64 1.0-3 25.00 OK
r-release-macos-x86_64 1.0-3 35.00 OK
r-release-windows-x86_64 1.0-3 5.00 67.00 72.00 OK
r-oldrel-macos-arm64 1.0-3 18.00 OK
r-oldrel-macos-x86_64 1.0-3 29.00 OK
r-oldrel-windows-x86_64 1.0-3 5.00 68.00 73.00 OK

Check Details

Version: 1.0-3
Check: CRAN incoming feasibility
Result: NOTE Maintainer: ‘Frederick Novomestky <fnovomes@poly.edu>’ No Authors@R field in DESCRIPTION. Please add one, modifying Authors@R: person(given = "Frederick", family = "Novomestky", role = c("aut", "cre"), email = "fnovomes@poly.edu") as necessary. Flavors: r-devel-linux-x86_64-debian-clang, r-devel-linux-x86_64-debian-gcc