Last updated on 2025-04-30 04:50:06 CEST.
Flavor | Version | Tinstall | Tcheck | Ttotal | Status | Flags |
---|---|---|---|---|---|---|
r-devel-linux-x86_64-debian-clang | 2.3.3 | 4.58 | 23.72 | 28.30 | NOTE | |
r-devel-linux-x86_64-debian-gcc | 2.3.3 | 3.12 | 19.76 | 22.88 | NOTE | |
r-devel-linux-x86_64-fedora-clang | 2.3.3 | 45.75 | NOTE | |||
r-devel-linux-x86_64-fedora-gcc | 2.3.3 | 42.48 | NOTE | |||
r-devel-windows-x86_64 | 2.3.3 | 8.00 | 63.00 | 71.00 | NOTE | |
r-patched-linux-x86_64 | 2.3.3 | 4.38 | 22.70 | 27.08 | NOTE | |
r-release-linux-x86_64 | 2.3.3 | 4.06 | 22.94 | 27.00 | NOTE | |
r-release-macos-arm64 | 2.3.3 | 21.00 | NOTE | |||
r-release-macos-x86_64 | 2.3.3 | 33.00 | NOTE | |||
r-release-windows-x86_64 | 2.3.3 | 8.00 | 60.00 | 68.00 | NOTE | |
r-oldrel-macos-arm64 | 2.3.3 | 20.00 | NOTE | |||
r-oldrel-macos-x86_64 | 2.3.3 | 28.00 | NOTE | |||
r-oldrel-windows-x86_64 | 2.3.3 | 8.00 | 56.00 | 64.00 | NOTE |
Version: 2.3.3
Check: CRAN incoming feasibility
Result: NOTE
Maintainer: ‘Bin Wang <bwang@southalabama.edu>’
No Authors@R field in DESCRIPTION.
Please add one, modifying
Authors@R: c(person(given = "Bin",
family = "Wang.",
role = "aut",
email = "bwang@southalabama.edu"),
person(given = "Bin",
family = "Wang",
role = "cre",
email = "bwang@southalabama.edu"))
as necessary.
Flavors: r-devel-linux-x86_64-debian-clang, r-devel-linux-x86_64-debian-gcc
Version: 2.3.3
Check: Rd files
Result: NOTE
checkRd: (-1) fitgbd.Rd:29: Escaped LaTeX specials: \&
checkRd: (-1) fitgld.Rd:30: Escaped LaTeX specials: \&
checkRd: (-1) gb.Rd:28: Escaped LaTeX specials: \&
checkRd: (-1) gbd.Rd:37: Escaped LaTeX specials: \&
checkRd: (-1) gld.Rd:36: Escaped LaTeX specials: \&
Flavors: r-devel-linux-x86_64-debian-clang, r-devel-linux-x86_64-debian-gcc, r-devel-linux-x86_64-fedora-clang, r-devel-linux-x86_64-fedora-gcc, r-devel-windows-x86_64, r-patched-linux-x86_64, r-release-linux-x86_64, r-release-macos-arm64, r-release-macos-x86_64, r-release-windows-x86_64, r-oldrel-macos-arm64, r-oldrel-macos-x86_64, r-oldrel-windows-x86_64