Last updated on 2025-04-30 04:50:06 CEST.
Flavor | Version | Tinstall | Tcheck | Ttotal | Status | Flags |
---|---|---|---|---|---|---|
r-devel-linux-x86_64-debian-clang | 0.1.0 | 21.13 | 27.40 | 48.53 | NOTE | |
r-devel-linux-x86_64-debian-gcc | 0.1.0 | 18.88 | 23.81 | 42.69 | NOTE | |
r-devel-linux-x86_64-fedora-clang | 0.1.0 | 93.59 | OK | |||
r-devel-linux-x86_64-fedora-gcc | 0.1.0 | 106.14 | OK | |||
r-devel-windows-x86_64 | 0.1.0 | 27.00 | 67.00 | 94.00 | OK | |
r-patched-linux-x86_64 | 0.1.0 | 25.60 | 28.91 | 54.51 | OK | |
r-release-linux-x86_64 | 0.1.0 | 23.18 | 28.78 | 51.96 | OK | |
r-release-macos-arm64 | 0.1.0 | 34.00 | OK | |||
r-release-macos-x86_64 | 0.1.0 | 61.00 | OK | |||
r-release-windows-x86_64 | 0.1.0 | 28.00 | 67.00 | 95.00 | OK | |
r-oldrel-macos-arm64 | 0.1.0 | 31.00 | NOTE | |||
r-oldrel-macos-x86_64 | 0.1.0 | 49.00 | NOTE | |||
r-oldrel-windows-x86_64 | 0.1.0 | 32.00 | 75.00 | 107.00 | OK |
Version: 0.1.0
Check: CRAN incoming feasibility
Result: NOTE
Maintainer: ‘Stéphane Laurent <laurent_step@outlook.fr>’
No Authors@R field in DESCRIPTION.
Please add one, modifying
Authors@R: person(given = "Stéphane",
family = "Laurent",
role = c("aut", "cre"),
email = "laurent_step@outlook.fr")
as necessary.
Flavors: r-devel-linux-x86_64-debian-clang, r-devel-linux-x86_64-debian-gcc
Version: 0.1.0
Check: installed package size
Result: NOTE
installed size is 6.6Mb
sub-directories of 1Mb or more:
libs 6.5Mb
Flavors: r-oldrel-macos-arm64, r-oldrel-macos-x86_64