CRAN Package Check Results for Package gbifdb

Last updated on 2025-04-30 04:50:06 CEST.

Flavor Version Tinstall Tcheck Ttotal Status Flags
r-devel-linux-x86_64-debian-clang 1.0.0 4.19 39.14 43.33 NOTE
r-devel-linux-x86_64-debian-gcc 1.0.0 2.56 29.56 32.12 NOTE
r-devel-linux-x86_64-fedora-clang 1.0.0 70.91 OK
r-devel-linux-x86_64-fedora-gcc 1.0.0 78.98 OK
r-devel-windows-x86_64 1.0.0 5.00 59.00 64.00 OK
r-patched-linux-x86_64 1.0.0 3.95 36.51 40.46 OK
r-release-linux-x86_64 1.0.0 3.83 36.29 40.12 OK
r-release-macos-arm64 1.0.0 34.00 OK
r-release-macos-x86_64 1.0.0 57.00 OK
r-release-windows-x86_64 1.0.0 7.00 58.00 65.00 OK
r-oldrel-macos-arm64 1.0.0 36.00 OK
r-oldrel-macos-x86_64 1.0.0 49.00 OK
r-oldrel-windows-x86_64 1.0.0 8.00 65.00 73.00 OK

Check Details

Version: 1.0.0
Check: CRAN incoming feasibility
Result: NOTE Maintainer: ‘Carl Boettiger <cboettig@gmail.com>’ The BugReports field in DESCRIPTION has https://github.com/ropensci/gbifdb which should likely be https://github.com/ropensci/gbifdb/issues instead. Flavors: r-devel-linux-x86_64-debian-clang, r-devel-linux-x86_64-debian-gcc