Last updated on 2025-04-30 04:50:06 CEST.
Flavor | Version | Tinstall | Tcheck | Ttotal | Status | Flags |
---|---|---|---|---|---|---|
r-devel-linux-x86_64-debian-clang | 2024.10.01 | 46.50 | 336.80 | 383.30 | NOTE | |
r-devel-linux-x86_64-debian-gcc | 2024.10.01 | 30.83 | 220.88 | 251.71 | NOTE | |
r-devel-linux-x86_64-fedora-clang | 2024.10.01 | 591.34 | NOTE | |||
r-devel-linux-x86_64-fedora-gcc | 2024.10.01 | 556.23 | NOTE | |||
r-devel-windows-x86_64 | 2024.10.01 | 42.00 | 264.00 | 306.00 | NOTE | |
r-patched-linux-x86_64 | 2024.10.01 | 42.99 | 322.22 | 365.21 | NOTE | |
r-release-linux-x86_64 | 2024.10.01 | 41.87 | 323.73 | 365.60 | NOTE | |
r-release-macos-arm64 | 2024.10.01 | 129.00 | NOTE | |||
r-release-macos-x86_64 | 2024.10.01 | 434.00 | NOTE | |||
r-release-windows-x86_64 | 2024.10.01 | 44.00 | 259.00 | 303.00 | NOTE | |
r-oldrel-macos-arm64 | 2024.10.01 | 127.00 | OK | |||
r-oldrel-macos-x86_64 | 2024.10.01 | 183.00 | OK | |||
r-oldrel-windows-x86_64 | 2024.10.01 | 53.00 | 352.00 | 405.00 | OK |
Version: 2024.10.01
Check: DESCRIPTION meta-information
Result: NOTE
Missing dependency on R >= 4.1.0 because package code uses the pipe
|> or function shorthand \(...) syntax added in R 4.1.0.
File(s) using such syntax:
‘gbm.factorplot.R’ ‘gbm.mapsf.R’
Flavors: r-devel-linux-x86_64-debian-clang, r-devel-linux-x86_64-debian-gcc, r-devel-linux-x86_64-fedora-clang, r-devel-linux-x86_64-fedora-gcc, r-devel-windows-x86_64, r-patched-linux-x86_64, r-release-linux-x86_64, r-release-macos-arm64, r-release-macos-x86_64, r-release-windows-x86_64