Last updated on 2025-04-30 04:50:06 CEST.
Flavor | Version | Tinstall | Tcheck | Ttotal | Status | Flags |
---|---|---|---|---|---|---|
r-devel-linux-x86_64-debian-clang | 2.2.2 | 33.38 | 109.95 | 143.33 | NOTE | |
r-devel-linux-x86_64-debian-gcc | 2.2.2 | 21.09 | 84.04 | 105.13 | NOTE | |
r-devel-linux-x86_64-fedora-clang | 2.2.2 | 284.28 | OK | |||
r-devel-linux-x86_64-fedora-gcc | 2.2.2 | 235.42 | OK | |||
r-devel-windows-x86_64 | 2.2.2 | 46.00 | 161.00 | 207.00 | OK | |
r-patched-linux-x86_64 | 2.2.2 | 32.30 | 105.53 | 137.83 | NOTE | |
r-release-linux-x86_64 | 2.2.2 | 28.80 | 105.34 | 134.14 | NOTE | |
r-release-macos-arm64 | 2.2.2 | 84.00 | OK | |||
r-release-macos-x86_64 | 2.2.2 | 179.00 | OK | |||
r-release-windows-x86_64 | 2.2.2 | 48.00 | 160.00 | 208.00 | OK | |
r-oldrel-macos-arm64 | 2.2.2 | 98.00 | OK | |||
r-oldrel-macos-x86_64 | 2.2.2 | 173.00 | OK | |||
r-oldrel-windows-x86_64 | 2.2.2 | 50.00 | 170.00 | 220.00 | OK |
Version: 2.2.2
Check: examples
Result: NOTE
Examples with CPU (user + system) or elapsed time > 5s
user system elapsed
gbm 3.58 0.079 5.26
Flavor: r-devel-linux-x86_64-debian-clang
Version: 2.2.2
Check: for unstated dependencies in ‘demo’
Result: NOTE
'library' or 'require' call not declared from: ‘MASS’
Flavors: r-devel-linux-x86_64-debian-clang, r-devel-linux-x86_64-debian-gcc, r-patched-linux-x86_64, r-release-linux-x86_64