Last updated on 2025-04-30 04:50:06 CEST.
Flavor | Version | Tinstall | Tcheck | Ttotal | Status | Flags |
---|---|---|---|---|---|---|
r-devel-linux-x86_64-debian-clang | 3.0 | 6.04 | 55.30 | 61.34 | NOTE | |
r-devel-linux-x86_64-debian-gcc | 3.0 | 4.27 | 41.12 | 45.39 | NOTE | |
r-devel-linux-x86_64-fedora-clang | 3.0 | 99.69 | OK | |||
r-devel-linux-x86_64-fedora-gcc | 3.0 | 92.57 | OK | |||
r-devel-windows-x86_64 | 3.0 | 9.00 | 71.00 | 80.00 | OK | |
r-patched-linux-x86_64 | 3.0 | 4.29 | 52.95 | 57.24 | OK | |
r-release-linux-x86_64 | 3.0 | 5.76 | 52.78 | 58.54 | OK | |
r-release-macos-arm64 | 3.0 | 34.00 | OK | |||
r-release-macos-x86_64 | 3.0 | 60.00 | OK | |||
r-release-windows-x86_64 | 3.0 | 6.00 | 69.00 | 75.00 | OK | |
r-oldrel-macos-arm64 | 3.0 | 32.00 | OK | |||
r-oldrel-macos-x86_64 | 3.0 | 50.00 | OK | |||
r-oldrel-windows-x86_64 | 3.0 | 8.00 | 81.00 | 89.00 | OK |
Version: 3.0
Check: CRAN incoming feasibility
Result: NOTE
Maintainer: ‘John R. Dixon <gbm2sas@gmail.com>’
No Authors@R field in DESCRIPTION.
Please add one, modifying
Authors@R: person(given = c("John", "R."),
family = "Dixon",
role = c("aut", "cre"),
email = "gbm2sas@gmail.com")
as necessary.
Flavors: r-devel-linux-x86_64-debian-clang, r-devel-linux-x86_64-debian-gcc
Version: 3.0
Check: examples
Result: NOTE
Examples with CPU (user + system) or elapsed time > 5s
user system elapsed
gbm2sas 5.643 0.111 6.124
Flavor: r-devel-linux-x86_64-debian-clang