CRAN Package Check Results for Package gbmt

Last updated on 2025-04-30 04:50:06 CEST.

Flavor Version Tinstall Tcheck Ttotal Status Flags
r-devel-linux-x86_64-debian-clang 0.1.4 7.55 72.44 79.99 NOTE
r-devel-linux-x86_64-debian-gcc 0.1.4 4.91 52.03 56.94 OK
r-devel-linux-x86_64-fedora-clang 0.1.4 135.14 OK
r-devel-linux-x86_64-fedora-gcc 0.1.4 123.46 OK
r-devel-windows-x86_64 0.1.4 8.00 87.00 95.00 OK
r-patched-linux-x86_64 0.1.4 7.82 69.56 77.38 OK
r-release-linux-x86_64 0.1.4 7.80 69.70 77.50 OK
r-release-macos-arm64 0.1.4 39.00 OK
r-release-macos-x86_64 0.1.4 75.00 OK
r-release-windows-x86_64 0.1.4 8.00 83.00 91.00 OK
r-oldrel-macos-arm64 0.1.4 36.00 OK
r-oldrel-macos-x86_64 0.1.4 94.00 OK
r-oldrel-windows-x86_64 0.1.4 11.00 99.00 110.00 OK

Check Details

Version: 0.1.4
Check: examples
Result: NOTE Examples with CPU (user + system) or elapsed time > 5s user system elapsed gbmt 5.615 0.095 6.481 Flavor: r-devel-linux-x86_64-debian-clang