CRAN Package Check Results for Package gbts

Last updated on 2025-04-30 04:50:06 CEST.

Flavor Version Tinstall Tcheck Ttotal Status Flags
r-devel-linux-x86_64-debian-clang 1.2.0 3.52 29.72 33.24 NOTE
r-devel-linux-x86_64-debian-gcc 1.2.0 2.21 23.89 26.10 NOTE
r-devel-linux-x86_64-fedora-clang 1.2.0 52.91 OK
r-devel-linux-x86_64-fedora-gcc 1.2.0 48.27 OK
r-devel-windows-x86_64 1.2.0 4.00 51.00 55.00 OK
r-patched-linux-x86_64 1.2.0 2.37 27.70 30.07 OK
r-release-linux-x86_64 1.2.0 2.90 27.65 30.55 OK
r-release-macos-arm64 1.2.0 23.00 OK
r-release-macos-x86_64 1.2.0 32.00 OK
r-release-windows-x86_64 1.2.0 5.00 53.00 58.00 OK
r-oldrel-macos-arm64 1.2.0 21.00 OK
r-oldrel-macos-x86_64 1.2.0 28.00 OK
r-oldrel-windows-x86_64 1.2.0 5.00 54.00 59.00 OK

Check Details

Version: 1.2.0
Check: CRAN incoming feasibility
Result: NOTE Maintainer: ‘Waley W. J. Liang <wliang10@gmail.com>’ No Authors@R field in DESCRIPTION. Please add one, modifying Authors@R: person(given = c("Waley", "W.", "J."), family = "Liang", role = c("aut", "cre"), email = "wliang10@gmail.com") as necessary. Flavors: r-devel-linux-x86_64-debian-clang, r-devel-linux-x86_64-debian-gcc