Last updated on 2025-04-30 04:50:06 CEST.
Flavor | Version | Tinstall | Tcheck | Ttotal | Status | Flags |
---|---|---|---|---|---|---|
r-devel-linux-x86_64-debian-clang | 1.1.8 | 35.17 | 42.52 | 77.69 | NOTE | |
r-devel-linux-x86_64-debian-gcc | 1.1.8 | 24.75 | 31.11 | 55.86 | NOTE | |
r-devel-linux-x86_64-fedora-clang | 1.1.8 | 146.61 | OK | |||
r-devel-linux-x86_64-fedora-gcc | 1.1.8 | 129.57 | OK | |||
r-devel-windows-x86_64 | 1.1.8 | 41.00 | 88.00 | 129.00 | OK | |
r-patched-linux-x86_64 | 1.1.8 | 35.17 | 40.21 | 75.38 | OK | |
r-release-linux-x86_64 | 1.1.8 | 35.41 | 40.06 | 75.47 | OK | |
r-release-macos-arm64 | 1.1.8 | 36.00 | OK | |||
r-release-macos-x86_64 | 1.1.8 | 65.00 | OK | |||
r-release-windows-x86_64 | 1.1.8 | 42.00 | 82.00 | 124.00 | OK | |
r-oldrel-macos-arm64 | 1.1.8 | 36.00 | OK | |||
r-oldrel-macos-x86_64 | 1.1.8 | 44.00 | OK | |||
r-oldrel-windows-x86_64 | 1.1.8 | 47.00 | 99.00 | 146.00 | OK |
Version: 1.1.8
Check: CRAN incoming feasibility
Result: NOTE
Maintainer: ‘Zifei Han <hanzifei1@gmail.com>’
No Authors@R field in DESCRIPTION.
Please add one, modifying
Authors@R: person(given = "Zifei",
family = "Han",
role = c("aut", "cre"),
email = "hanzifei1@gmail.com")
as necessary.
Flavors: r-devel-linux-x86_64-debian-clang, r-devel-linux-x86_64-debian-gcc