Last updated on 2025-04-30 04:50:06 CEST.
Flavor | Version | Tinstall | Tcheck | Ttotal | Status | Flags |
---|---|---|---|---|---|---|
r-devel-linux-x86_64-debian-clang | 19.05.24 | 8.32 | 75.64 | 83.96 | NOTE | |
r-devel-linux-x86_64-debian-gcc | 19.05.24 | 6.78 | 56.29 | 63.07 | NOTE | |
r-devel-linux-x86_64-fedora-clang | 19.05.24 | 131.54 | OK | |||
r-devel-linux-x86_64-fedora-gcc | 19.05.24 | 116.81 | OK | |||
r-devel-windows-x86_64 | 19.05.24 | 10.00 | 86.00 | 96.00 | OK | |
r-patched-linux-x86_64 | 19.05.24 | 9.51 | 72.05 | 81.56 | OK | |
r-release-linux-x86_64 | 19.05.24 | 8.64 | 72.58 | 81.22 | OK | |
r-release-macos-arm64 | 19.05.24 | 45.00 | OK | |||
r-release-macos-x86_64 | 19.05.24 | 70.00 | OK | |||
r-release-windows-x86_64 | 19.05.24 | 12.00 | 84.00 | 96.00 | OK | |
r-oldrel-macos-arm64 | 19.05.24 | 34.00 | OK | |||
r-oldrel-macos-x86_64 | 19.05.24 | 56.00 | OK | |||
r-oldrel-windows-x86_64 | 19.05.24 | 12.00 | 104.00 | 116.00 | OK |
Version: 19.05.24
Check: CRAN incoming feasibility
Result: NOTE
Maintainer: ‘Hanjie Shen <shenhanjie0418@gmail.com>’
No Authors@R field in DESCRIPTION.
Please add one, modifying
Authors@R: c(person(given = "Hanjie",
family = "Shen",
role = c("aut", "cre"),
email = "shenhanjie0418@gmail.com"),
person(given = "Ruben",
family = "Carmona",
role = "aut",
email = "ruben.carmona13@gmail.com"),
person(given = "Loren",
family = "Mell",
role = "aut",
email = "lmell@ucsd.edu"))
as necessary.
Flavors: r-devel-linux-x86_64-debian-clang, r-devel-linux-x86_64-debian-gcc