CRAN Package Check Results for Package gclm

Last updated on 2025-04-30 04:50:06 CEST.

Flavor Version Tinstall Tcheck Ttotal Status Flags
r-devel-linux-x86_64-debian-clang 0.0.1 3.12 20.99 24.11 NOTE
r-devel-linux-x86_64-debian-gcc 0.0.1 2.43 17.38 19.81 NOTE
r-devel-linux-x86_64-fedora-clang 0.0.1 36.64 NOTE
r-devel-linux-x86_64-fedora-gcc 0.0.1 34.07 NOTE
r-devel-windows-x86_64 0.0.1 7.00 48.00 55.00 NOTE
r-patched-linux-x86_64 0.0.1 2.94 18.84 21.78 NOTE
r-release-linux-x86_64 0.0.1 2.71 18.71 21.42 NOTE
r-release-macos-arm64 0.0.1 19.00 NOTE
r-release-macos-x86_64 0.0.1 28.00 NOTE
r-release-windows-x86_64 0.0.1 5.00 47.00 52.00 NOTE
r-oldrel-macos-arm64 0.0.1 16.00 NOTE
r-oldrel-macos-x86_64 0.0.1 23.00 NOTE
r-oldrel-windows-x86_64 0.0.1 6.00 47.00 53.00 NOTE

Check Details

Version: 0.0.1
Check: CRAN incoming feasibility
Result: NOTE Maintainer: ‘Gherardo Varando <gherardo.varando@gmail.com>’ The Description field contains minimization problem. Varando G, Hansen NR (2020) <arXiv:2005.10483>. Please refer to arXiv e-prints via their arXiv DOI <doi:10.48550/arXiv.YYMM.NNNNN>. Flavors: r-devel-linux-x86_64-debian-clang, r-devel-linux-x86_64-debian-gcc

Version: 0.0.1
Check: Rd files
Result: NOTE checkRd: (-1) listInverseBlocks.Rd:5: Lost braces; missing escapes or markup? 5 | \title{List all the inverse matrices of the leading sub-matrix of P=Sigma^{-1} | ^ checkRd: (-1) listInverseBlocks.Rd:17: Lost braces; missing escapes or markup? 17 | List all the inverse matrices of the leading sub-matrix of P=Sigma^{-1} | ^ Flavors: r-devel-linux-x86_64-debian-clang, r-devel-linux-x86_64-debian-gcc, r-devel-linux-x86_64-fedora-clang, r-devel-linux-x86_64-fedora-gcc, r-devel-windows-x86_64, r-patched-linux-x86_64, r-release-linux-x86_64, r-release-macos-arm64, r-release-macos-x86_64, r-release-windows-x86_64, r-oldrel-macos-arm64, r-oldrel-macos-x86_64, r-oldrel-windows-x86_64

Version: 0.0.1
Check: LazyData
Result: NOTE 'LazyData' is specified without a 'data' directory Flavors: r-oldrel-macos-arm64, r-oldrel-macos-x86_64, r-oldrel-windows-x86_64