Last updated on 2025-04-30 04:50:06 CEST.
Flavor | Version | Tinstall | Tcheck | Ttotal | Status | Flags |
---|---|---|---|---|---|---|
r-devel-linux-x86_64-debian-clang | 1.0.1 | 5.30 | 64.99 | 70.29 | NOTE | |
r-devel-linux-x86_64-debian-gcc | 1.0.1 | 4.08 | 44.95 | 49.03 | NOTE | |
r-devel-linux-x86_64-fedora-clang | 1.0.1 | 115.45 | OK | |||
r-devel-linux-x86_64-fedora-gcc | 1.0.1 | 119.80 | OK | |||
r-devel-windows-x86_64 | 1.0.1 | 8.00 | 89.00 | 97.00 | OK | |
r-patched-linux-x86_64 | 1.0.1 | 5.85 | 60.94 | 66.79 | OK | |
r-release-linux-x86_64 | 1.0.1 | 4.45 | 61.15 | 65.60 | OK | |
r-release-macos-arm64 | 1.0.1 | 40.00 | OK | |||
r-release-macos-x86_64 | 1.0.1 | 82.00 | OK | |||
r-release-windows-x86_64 | 1.0.1 | 9.00 | 85.00 | 94.00 | OK | |
r-oldrel-macos-arm64 | 1.0.1 | 39.00 | OK | |||
r-oldrel-macos-x86_64 | 1.0.1 | 68.00 | OK | |||
r-oldrel-windows-x86_64 | 1.0.1 | 8.00 | 97.00 | 105.00 | OK |
Version: 1.0.1
Check: examples
Result: NOTE
Examples with CPU (user + system) or elapsed time > 5s
user system elapsed
batch_preprocess 7.338 0.092 8.080
align 6.339 0.229 8.587
Flavor: r-devel-linux-x86_64-debian-clang
Version: 1.0.1
Check: examples
Result: NOTE
Examples with CPU (user + system) or elapsed time > 5s
user system elapsed
batch_preprocess 4.714 0.12 5.434
Flavor: r-devel-linux-x86_64-debian-gcc