CRAN Package Check Results for Package gdiff

Last updated on 2025-04-30 04:50:06 CEST.

Flavor Version Tinstall Tcheck Ttotal Status Flags
r-devel-linux-x86_64-debian-clang 0.2-5 3.16 28.08 31.24 NOTE
r-devel-linux-x86_64-debian-gcc 0.2-5 2.51 22.20 24.71 NOTE
r-devel-linux-x86_64-fedora-clang 0.2-5 49.37 OK
r-devel-linux-x86_64-fedora-gcc 0.2-5 45.81 OK
r-devel-windows-x86_64 0.2-5 4.00 54.00 58.00 OK
r-patched-linux-x86_64 0.2-5 3.41 27.42 30.83 OK
r-release-linux-x86_64 0.2-5 2.51 27.34 29.85 OK
r-release-macos-arm64 0.2-5 22.00 OK
r-release-macos-x86_64 0.2-5 35.00 OK
r-release-windows-x86_64 0.2-5 5.00 52.00 57.00 OK
r-oldrel-macos-arm64 0.2-5 20.00 OK
r-oldrel-macos-x86_64 0.2-5 35.00 OK
r-oldrel-windows-x86_64 0.2-5 5.00 52.00 57.00 OK

Check Details

Version: 0.2-5
Check: CRAN incoming feasibility
Result: NOTE Maintainer: ‘Paul Murrell <paul@stat.auckland.ac.nz>’ No Authors@R field in DESCRIPTION. Please add one, modifying Authors@R: person(given = "Paul", family = "Murrell", role = c("aut", "cre"), email = "paul@stat.auckland.ac.nz") as necessary. Flavors: r-devel-linux-x86_64-debian-clang, r-devel-linux-x86_64-debian-gcc