CRAN Package Check Results for Package gdpc

Last updated on 2025-04-30 04:50:06 CEST.

Flavor Version Tinstall Tcheck Ttotal Status Flags
r-devel-linux-x86_64-debian-clang 1.1.4 26.30 46.40 72.70 NOTE
r-devel-linux-x86_64-debian-gcc 1.1.4 19.26 36.28 55.54 NOTE
r-devel-linux-x86_64-fedora-clang 1.1.4 126.22 OK
r-devel-linux-x86_64-fedora-gcc 1.1.4 136.61 OK
r-devel-windows-x86_64 1.1.4 33.00 121.00 154.00 OK
r-patched-linux-x86_64 1.1.4 25.95 45.42 71.37 OK
r-release-linux-x86_64 1.1.4 27.62 46.30 73.92 OK
r-release-macos-arm64 1.1.4 58.00 OK
r-release-macos-x86_64 1.1.4 84.00 OK
r-release-windows-x86_64 1.1.4 31.00 116.00 147.00 OK
r-oldrel-macos-arm64 1.1.4 49.00 OK
r-oldrel-macos-x86_64 1.1.4 71.00 OK
r-oldrel-windows-x86_64 1.1.4 36.00 131.00 167.00 OK

Check Details

Version: 1.1.4
Check: CRAN incoming feasibility
Result: NOTE Maintainer: ‘Ezequiel Smucler <ezequiels.90@gmail.com>’ No Authors@R field in DESCRIPTION. Please add one, modifying Authors@R: c(person(given = "Daniel", family = "Peña", role = "aut", email = "daniel.pena@uc3m.es"), person(given = "Ezequiel", family = "Smucler", role = c("aut", "cre"), email = "ezequiels.90@gmail.com"), person(given = "Victor", family = "Yohai", role = "aut", email = "vyohai@dm.uba.ar")) as necessary. Flavors: r-devel-linux-x86_64-debian-clang, r-devel-linux-x86_64-debian-gcc