CRAN Package Check Results for Package gdtools

Last updated on 2025-04-29 04:50:03 CEST.

Flavor Version Tinstall Tcheck Ttotal Status Flags
r-devel-linux-x86_64-debian-clang 0.4.2 28.30 33.51 61.81 OK
r-devel-linux-x86_64-debian-gcc 0.4.2 19.73 27.95 47.68 OK
r-devel-linux-x86_64-fedora-clang 0.4.2 113.39 OK
r-devel-linux-x86_64-fedora-gcc 0.4.2 105.92 OK
r-devel-windows-x86_64 0.4.2 48.00 116.00 164.00 OK
r-patched-linux-x86_64 0.4.2 28.98 33.46 62.44 OK
r-release-linux-x86_64 0.4.2 27.73 34.18 61.91 OK
r-release-macos-arm64 0.4.2 70.00 OK
r-release-macos-x86_64 0.4.2 84.00 OK
r-release-windows-x86_64 0.4.2 48.00 110.00 158.00 OK
r-oldrel-macos-arm64 0.4.2 53.00 OK
r-oldrel-macos-x86_64 0.4.2 70.00 OK
r-oldrel-windows-x86_64 0.4.2 53.00 133.00 186.00 NOTE

Check Details

Version: 0.4.2
Check: installed package size
Result: NOTE installed size is 6.9Mb sub-directories of 1Mb or more: libs 6.7Mb Flavor: r-oldrel-windows-x86_64