Last updated on 2025-04-30 04:50:06 CEST.
Flavor | Version | Tinstall | Tcheck | Ttotal | Status | Flags |
---|---|---|---|---|---|---|
r-devel-linux-x86_64-debian-clang | 0.3.4 | 16.99 | 129.06 | 146.05 | NOTE | |
r-devel-linux-x86_64-debian-gcc | 0.3.4 | 11.66 | 100.80 | 112.46 | NOTE | |
r-devel-linux-x86_64-fedora-clang | 0.3.4 | 252.72 | OK | |||
r-devel-linux-x86_64-fedora-gcc | 0.3.4 | 248.58 | OK | |||
r-devel-windows-x86_64 | 0.3.4 | 21.00 | 200.00 | 221.00 | OK | |
r-patched-linux-x86_64 | 0.3.4 | 17.15 | 126.55 | 143.70 | OK | |
r-release-linux-x86_64 | 0.3.4 | 16.18 | 127.90 | 144.08 | OK | |
r-release-macos-arm64 | 0.3.4 | 73.00 | OK | |||
r-release-macos-x86_64 | 0.3.4 | 138.00 | OK | |||
r-release-windows-x86_64 | 0.3.4 | 23.00 | 189.00 | 212.00 | OK | |
r-oldrel-macos-arm64 | 0.3.4 | 67.00 | OK | |||
r-oldrel-macos-x86_64 | 0.3.4 | 96.00 | OK | |||
r-oldrel-windows-x86_64 | 0.3.4 | 25.00 | 230.00 | 255.00 | OK |
Version: 0.3.4
Check: CRAN incoming feasibility
Result: NOTE
Maintainer: ‘Joshua French <joshua.french@ucdenver.edu>’
No Authors@R field in DESCRIPTION.
Please add one, modifying
Authors@R: person(given = "Joshua",
family = "French",
role = c("aut", "cre"),
email = "joshua.french@ucdenver.edu")
as necessary.
Flavors: r-devel-linux-x86_64-debian-clang, r-devel-linux-x86_64-debian-gcc