Last updated on 2025-04-30 04:50:06 CEST.
Flavor | Version | Tinstall | Tcheck | Ttotal | Status | Flags |
---|---|---|---|---|---|---|
r-devel-linux-x86_64-debian-clang | 1.1.3 | 7.17 | 235.25 | 242.42 | NOTE | |
r-devel-linux-x86_64-debian-gcc | 1.1.3 | 5.32 | 146.94 | 152.26 | NOTE | |
r-devel-linux-x86_64-fedora-clang | 1.1.3 | 382.42 | OK | |||
r-devel-linux-x86_64-fedora-gcc | 1.1.3 | 396.37 | OK | |||
r-devel-windows-x86_64 | 1.1.3 | 7.00 | 225.00 | 232.00 | OK | |
r-patched-linux-x86_64 | 1.1.3 | 6.66 | 224.68 | 231.34 | OK | |
r-release-linux-x86_64 | 1.1.3 | 6.86 | 227.62 | 234.48 | OK | |
r-release-macos-arm64 | 1.1.3 | 110.00 | OK | |||
r-release-macos-x86_64 | 1.1.3 | 270.00 | OK | |||
r-release-windows-x86_64 | 1.1.3 | 8.00 | 223.00 | 231.00 | OK | |
r-oldrel-macos-arm64 | 1.1.3 | 104.00 | OK | |||
r-oldrel-macos-x86_64 | 1.1.3 | 213.00 | OK | |||
r-oldrel-windows-x86_64 | 1.1.3 | 7.00 | 303.00 | 310.00 | OK |
Version: 1.1.3
Check: examples
Result: NOTE
Examples with CPU (user + system) or elapsed time > 5s
user system elapsed
geemaee 11.643 0.019 14.952
Flavor: r-devel-linux-x86_64-debian-clang
Version: 1.1.3
Check: examples
Result: NOTE
Examples with CPU (user + system) or elapsed time > 5s
user system elapsed
geemaee 6.882 0.028 8.121
Flavor: r-devel-linux-x86_64-debian-gcc