Last updated on 2025-04-30 04:50:06 CEST.
Flavor | Version | Tinstall | Tcheck | Ttotal | Status | Flags |
---|---|---|---|---|---|---|
r-devel-linux-x86_64-debian-clang | 0.10.1 | 6.25 | 61.53 | 67.78 | NOTE | |
r-devel-linux-x86_64-debian-gcc | 0.10.1 | 5.27 | 45.64 | 50.91 | NOTE | |
r-devel-linux-x86_64-fedora-clang | 0.10.1 | 105.41 | OK | |||
r-devel-linux-x86_64-fedora-gcc | 0.10.1 | 103.03 | OK | |||
r-devel-windows-x86_64 | 0.10.1 | 7.00 | 81.00 | 88.00 | OK | |
r-patched-linux-x86_64 | 0.10.1 | 6.65 | 58.83 | 65.48 | OK | |
r-release-linux-x86_64 | 0.10.1 | 6.07 | 62.01 | 68.08 | OK | |
r-release-macos-arm64 | 0.10.1 | 41.00 | OK | |||
r-release-macos-x86_64 | 0.10.1 | 63.00 | OK | |||
r-release-windows-x86_64 | 0.10.1 | 7.00 | 75.00 | 82.00 | OK | |
r-oldrel-macos-arm64 | 0.10.1 | 32.00 | OK | |||
r-oldrel-macos-x86_64 | 0.10.1 | 53.00 | OK | |||
r-oldrel-windows-x86_64 | 0.10.1 | 10.00 | 90.00 | 100.00 | OK |
Version: 0.10.1
Check: CRAN incoming feasibility
Result: NOTE
Maintainer: ‘Lee McDaniel <lmcda4@lsuhsc.edu>’
Package CITATION file contains call(s) to old-style personList() or
as.personList(). Please use c() on person objects instead.
Package CITATION file contains call(s) to old-style citEntry(). Please
use bibentry() instead.
Flavors: r-devel-linux-x86_64-debian-clang, r-devel-linux-x86_64-debian-gcc