Last updated on 2025-04-30 04:50:06 CEST.
Flavor | Version | Tinstall | Tcheck | Ttotal | Status | Flags |
---|---|---|---|---|---|---|
r-devel-linux-x86_64-debian-clang | 1.1.1 | 4.21 | 266.83 | 271.04 | NOTE | |
r-devel-linux-x86_64-debian-gcc | 1.1.1 | 3.38 | 157.07 | 160.45 | NOTE | |
r-devel-linux-x86_64-fedora-clang | 1.1.1 | 432.80 | NOTE | |||
r-devel-linux-x86_64-fedora-gcc | 1.1.1 | 424.84 | NOTE | |||
r-devel-windows-x86_64 | 1.1.1 | 6.00 | 251.00 | 257.00 | NOTE | |
r-patched-linux-x86_64 | 1.1.1 | 4.10 | 258.32 | 262.42 | NOTE | |
r-release-linux-x86_64 | 1.1.1 | 4.33 | 253.10 | 257.43 | NOTE | |
r-release-macos-arm64 | 1.1.1 | 115.00 | NOTE | |||
r-release-macos-x86_64 | 1.1.1 | 315.00 | NOTE | |||
r-release-windows-x86_64 | 1.1.1 | 8.00 | 241.00 | 249.00 | NOTE | |
r-oldrel-macos-arm64 | 1.1.1 | 106.00 | NOTE | |||
r-oldrel-macos-x86_64 | 1.1.1 | 176.00 | NOTE | |||
r-oldrel-windows-x86_64 | 1.1.1 | 8.00 | 342.00 | 350.00 | NOTE |
Version: 1.1.1
Check: Rd files
Result: NOTE
checkRd: (-1) geexex.Rd:10: Lost braces in \itemize; meant \describe ?
checkRd: (-1) geexex.Rd:11: Lost braces in \itemize; meant \describe ?
checkRd: (-1) geexex.Rd:12: Lost braces in \itemize; meant \describe ?
checkRd: (-1) geexex.Rd:13: Lost braces in \itemize; meant \describe ?
checkRd: (-1) geexex.Rd:14: Lost braces in \itemize; meant \describe ?
checkRd: (-1) geexex.Rd:15: Lost braces in \itemize; meant \describe ?
checkRd: (-1) geexex.Rd:16: Lost braces in \itemize; meant \describe ?
checkRd: (-1) geexex.Rd:17: Lost braces in \itemize; meant \describe ?
checkRd: (-1) geexex.Rd:18: Lost braces in \itemize; meant \describe ?
Flavors: r-devel-linux-x86_64-debian-clang, r-devel-linux-x86_64-debian-gcc, r-devel-linux-x86_64-fedora-clang, r-devel-linux-x86_64-fedora-gcc, r-devel-windows-x86_64, r-patched-linux-x86_64, r-release-linux-x86_64, r-release-macos-arm64, r-release-macos-x86_64, r-release-windows-x86_64, r-oldrel-macos-arm64, r-oldrel-macos-x86_64, r-oldrel-windows-x86_64
Version: 1.1.1
Check: examples
Result: NOTE
Examples with CPU (user + system) or elapsed time > 5s
user system elapsed
nobs-methods 4.564 0.15 6.226
Flavor: r-devel-linux-x86_64-debian-clang
Version: 1.1.1
Check: dependencies in R code
Result: NOTE
Namespace in Imports field not imported from: ‘rootSolve’
All declared Imports should be used.
Flavors: r-devel-linux-x86_64-fedora-clang, r-devel-linux-x86_64-fedora-gcc