CRAN Package Check Results for Package geex

Last updated on 2025-07-05 04:50:15 CEST.

Flavor Version Tinstall Tcheck Ttotal Status Flags
r-devel-linux-x86_64-debian-clang 1.1.1 4.57 269.37 273.94 NOTE
r-devel-linux-x86_64-debian-gcc 1.1.1 3.30 156.24 159.54 NOTE
r-devel-linux-x86_64-fedora-clang 1.1.1 432.21 NOTE
r-devel-linux-x86_64-fedora-gcc 1.1.1 448.37 NOTE
r-devel-windows-x86_64 1.1.1 5.00 243.00 248.00 NOTE
r-patched-linux-x86_64 1.1.1 4.83 256.91 261.74 NOTE
r-release-linux-x86_64 1.1.1 4.41 258.94 263.35 NOTE
r-release-macos-arm64 1.1.1 115.00 NOTE
r-release-macos-x86_64 1.1.1 315.00 NOTE
r-release-windows-x86_64 1.1.1 6.00 240.00 246.00 NOTE
r-oldrel-macos-arm64 1.1.1 106.00 NOTE
r-oldrel-macos-x86_64 1.1.1 176.00 NOTE
r-oldrel-windows-x86_64 1.1.1 8.00 338.00 346.00 NOTE

Check Details

Version: 1.1.1
Check: Rd files
Result: NOTE checkRd: (-1) geexex.Rd:10: Lost braces in \itemize; meant \describe ? checkRd: (-1) geexex.Rd:11: Lost braces in \itemize; meant \describe ? checkRd: (-1) geexex.Rd:12: Lost braces in \itemize; meant \describe ? checkRd: (-1) geexex.Rd:13: Lost braces in \itemize; meant \describe ? checkRd: (-1) geexex.Rd:14: Lost braces in \itemize; meant \describe ? checkRd: (-1) geexex.Rd:15: Lost braces in \itemize; meant \describe ? checkRd: (-1) geexex.Rd:16: Lost braces in \itemize; meant \describe ? checkRd: (-1) geexex.Rd:17: Lost braces in \itemize; meant \describe ? checkRd: (-1) geexex.Rd:18: Lost braces in \itemize; meant \describe ? Flavors: r-devel-linux-x86_64-debian-clang, r-devel-linux-x86_64-debian-gcc, r-devel-linux-x86_64-fedora-clang, r-devel-linux-x86_64-fedora-gcc, r-devel-windows-x86_64, r-patched-linux-x86_64, r-release-linux-x86_64, r-release-macos-arm64, r-release-macos-x86_64, r-release-windows-x86_64, r-oldrel-macos-arm64, r-oldrel-macos-x86_64, r-oldrel-windows-x86_64

Version: 1.1.1
Check: dependencies in R code
Result: NOTE Namespace in Imports field not imported from: ‘rootSolve’ All declared Imports should be used. Flavors: r-devel-linux-x86_64-fedora-clang, r-devel-linux-x86_64-fedora-gcc