Last updated on 2025-04-30 04:50:06 CEST.
Flavor | Version | Tinstall | Tcheck | Ttotal | Status | Flags |
---|---|---|---|---|---|---|
r-devel-linux-x86_64-debian-clang | 0.7.3 | 3.57 | 32.21 | 35.78 | NOTE | |
r-devel-linux-x86_64-debian-gcc | 0.7.3 | 2.85 | 26.35 | 29.20 | NOTE | |
r-devel-linux-x86_64-fedora-clang | 0.7.3 | 56.52 | OK | |||
r-devel-linux-x86_64-fedora-gcc | 0.7.3 | 55.29 | OK | |||
r-devel-windows-x86_64 | 0.7.3 | 6.00 | 53.00 | 59.00 | OK | |
r-patched-linux-x86_64 | 0.7.3 | 3.57 | 30.05 | 33.62 | OK | |
r-release-linux-x86_64 | 0.7.3 | 3.17 | 31.68 | 34.85 | OK | |
r-release-macos-arm64 | 0.7.3 | 22.00 | OK | |||
r-release-macos-x86_64 | 0.7.3 | 40.00 | OK | |||
r-release-windows-x86_64 | 0.7.3 | 5.00 | 55.00 | 60.00 | OK | |
r-oldrel-macos-arm64 | 0.7.3 | 17.00 | OK | |||
r-oldrel-macos-x86_64 | 0.7.3 | 31.00 | OK | |||
r-oldrel-windows-x86_64 | 0.7.3 | 6.00 | 57.00 | 63.00 | OK |
Version: 0.7.3
Check: CRAN incoming feasibility
Result: NOTE
Maintainer: ‘Michael Friendly <friendly@yorku.ca>’
No Authors@R field in DESCRIPTION.
Please add one, modifying
Authors@R: c(person(given = "Georges",
family = "Monette",
role = "aut"),
person(given = "Michael",
family = "Friendly",
role = c("aut", "cre"),
email = "friendly@yorku.ca"))
as necessary.
Flavors: r-devel-linux-x86_64-debian-clang, r-devel-linux-x86_64-debian-gcc